{"id":26,"date":"2009-12-14T12:54:00","date_gmt":"2009-12-14T11:54:00","guid":{"rendered":"http:\/\/heinehaus.de\/wp\/?page_id=26"},"modified":"2024-11-30T15:11:18","modified_gmt":"2024-11-30T14:11:18","slug":"impressum","status":"publish","type":"page","link":"https:\/\/www.heinehaus.de\/index.php\/impressum\/","title":{"rendered":"IMPRESSUM"},"content":{"rendered":"\n<hr class=\"wp-block-separator has-css-opacity\"\/>\n\n\n\n<p><strong><strong>\u00d6ffnungszeiten<\/strong><br><\/strong>Mo \u2013 Fr 10.00 \u2013 19.00 Uhr<br>Sa 10.00 \u2013 14.00 Uhr, an den Adventssamstagen 10.00 &#8211; 16.00 Uhr<strong><br><\/strong>und w\u00e4hrend der Veranstaltungen<\/p>\n\n\n\n<hr class=\"wp-block-separator has-css-opacity\"\/>\n\n\n\n<p><strong>Das Heine Haus Literaturhaus D\u00fcsseldorf ist eine Public-Private-Partnership zwischen der Landeshauptstadt D\u00fcsseldorf, dem F\u00f6rderverein Heine Haus e.V. und der Literaturhandlung M\u00fcller &amp; B\u00f6hm.<\/strong><\/p>\n\n\n\n<p><strong>Programm und Gesch\u00e4ftsf\u00fchrung:<\/strong><br>Dr. Selinde B\u00f6hm<\/p>\n\n\n\n<hr class=\"wp-block-separator has-css-opacity\"\/>\n\n\n\n<p><strong>Verein zur F\u00f6rderung des Heinrich Heine Geburtshauses e.V.<\/strong><br>Bolkerstra\u00dfe 53<br>40213 D\u00fcsseldorf<br>Tel.: 0211.200 54 294<\/p>\n\n\n\n<p><strong>Vorstand:<\/strong><br>Dr. Thomas Jelitte (Vorsitzender)<br>Prof. Manfred Trojahn (Stellvertreter)<br>Renate Loos (Schatzmeisterin)<br>Rudolf M\u00fcller<br>Ang\u00e9lique Tracik<br>E-Mail: info (at) heinehaus.de<\/p>\n\n\n\n<hr class=\"wp-block-separator has-css-opacity\"\/>\n\n\n\n<p><strong>Das Heine Haus wird gef\u00f6rdert:<\/strong><br>durch das Kulturamt der Landeshauptstadt D\u00fcsseldorf<\/p>\n\n\n\n<hr class=\"wp-block-separator has-css-opacity\"\/>\n\n\n\n<p><strong>Website:<\/strong><br><a href=\"http:\/\/gebrauchsgrafik.katjastuke.de\/\" target=\"_blank\" rel=\"noreferrer noopener\">Katja Stuke<\/a>, <a rel=\"noopener noreferrer\" href=\"http:\/\/www.active-value.de\/\" target=\"_self\">active value<\/a>.<\/p>\n\n\n\n<hr class=\"wp-block-separator has-css-opacity\"\/>\n\n\n\n<p><strong>Erkl\u00e4rung<\/strong><br>F\u00fcr alle Links dieser Homepage gilt: Wir m\u00f6chten ausdr\u00fccklich betonen, dass wir keinerlei Einfluss auf die Gestaltung und Inhalte der gelinkten Seiten haben. Deshalb distanzieren wir uns hiermit ausdr\u00fccklich von allen Inhalten aller gelinkten Seiten auf unserer Homepage.<br>Diese Erkl\u00e4rung gilt f\u00fcr alle Links, die Sie \u00fcber die Web-Seiten des Heine Hauses erreichen.<\/p>\n","protected":false},"excerpt":{"rendered":"<p>\u00d6ffnungszeitenMo \u2013 Fr 10.00 \u2013 19.00 UhrSa 10.00 \u2013 14.00 Uhr, an den Adventssamstagen 10.00 &#8211; 16.00 Uhrund w\u00e4hrend der Veranstaltungen Das Heine Haus Literaturhaus D\u00fcsseldorf ist eine Public-Private-Partnership zwischen der Landeshauptstadt D\u00fcsseldorf, dem F\u00f6rderverein Heine Haus e.V. und der Literaturhandlung M\u00fcller &amp; B\u00f6hm. Programm und Gesch\u00e4ftsf\u00fchrung:Dr. Selinde B\u00f6hm Verein zur F\u00f6rderung des Heinrich Heine Geburtshauses e.V.Bolkerstra\u00dfe 5340213 D\u00fcsseldorfTel.: 0211.200 54 294 Vorstand:Dr. Thomas Jelitte (Vorsitzender)Prof. Manfred Trojahn (Stellvertreter)Renate Loos (Schatzmeisterin)Rudolf M\u00fcllerAng\u00e9lique TracikE-Mail: info (at) heinehaus.de Das Heine Haus wird gef\u00f6rdert:durch das Kulturamt der Landeshauptstadt D\u00fcsseldorf Website:Katja Stuke, active value. Erkl\u00e4rungF\u00fcr alle Links dieser Homepage gilt: Wir m\u00f6chten ausdr\u00fccklich betonen, dass wir keinerlei Einfluss auf die Gestaltung und Inhalte der gelinkten Seiten haben. Deshalb distanzieren wir uns hiermit ausdr\u00fccklich von&#8230;<\/p>\n","protected":false},"author":1,"featured_media":0,"parent":0,"menu_order":5,"comment_status":"closed","ping_status":"closed","template":"","meta":{"_mc_calendar":[]},"_links":{"self":[{"href":"https:\/\/www.heinehaus.de\/index.php\/wp-json\/wp\/v2\/pages\/26"}],"collection":[{"href":"https:\/\/www.heinehaus.de\/index.php\/wp-json\/wp\/v2\/pages"}],"about":[{"href":"https:\/\/www.heinehaus.de\/index.php\/wp-json\/wp\/v2\/types\/page"}],"author":[{"embeddable":true,"href":"https:\/\/www.heinehaus.de\/index.php\/wp-json\/wp\/v2\/users\/1"}],"replies":[{"embeddable":true,"href":"https:\/\/www.heinehaus.de\/index.php\/wp-json\/wp\/v2\/comments?post=26"}],"version-history":[{"count":37,"href":"https:\/\/www.heinehaus.de\/index.php\/wp-json\/wp\/v2\/pages\/26\/revisions"}],"predecessor-version":[{"id":7715,"href":"https:\/\/www.heinehaus.de\/index.php\/wp-json\/wp\/v2\/pages\/26\/revisions\/7715"}],"wp:attachment":[{"href":"https:\/\/www.heinehaus.de\/index.php\/wp-json\/wp\/v2\/media?parent=26"}],"curies":[{"name":"wp","href":"https:\/\/api.w.org\/{rel}","templated":true}]}}