{"id":2687,"date":"2016-05-12T18:40:25","date_gmt":"2016-05-12T18:40:25","guid":{"rendered":"http:\/\/www.heinehaus.de\/?page_id=2687"},"modified":"2016-05-12T19:11:54","modified_gmt":"2016-05-12T19:11:54","slug":"archiv-2014","status":"publish","type":"page","link":"https:\/\/www.heinehaus.de\/index.php\/archive\/archiv-2014\/","title":{"rendered":"Archiv 2014"},"content":{"rendered":"<div class=\"post\">\n<p><strong>Unsere Veranstaltungen im November, Dezember 2014<\/strong><\/p>\n<p>+++ Der Autor, \u00dcbersetzer und ehemalige Verleger des Hanser Verlages<strong> Michael Kru\u0308ger<\/strong> pr\u00e4sentiert im Museumscaf\u00e9 Lieshout der Kunstsammlung seine pers\u00f6nliche Auswahl. Am <strong>2. November<\/strong> +++<\/p>\n<p>+++ <strong>Michael K\u00f6hlmeier<\/strong> verknu\u0308pft in seinem neuen Roman<em> Zwei Herren am Strand<\/em> zwei scheinbar ungleiche Leben zu einer Geschichte: Winston Churchill und Charlie Chaplin stehen im Fokus einer Reise durch die Weltgeschichte. Am<strong> 10. November<\/strong>\u00a0+++<\/p>\n<p>+++<strong> Pierre Lemaitre<\/strong>, der aktuelle Preistr\u00e4ger des renomierten Prix Goncourt, hat ein ausgezeichnetes Buch u\u0308ber Freundschaft, Rachsucht und Gier geschrieben. Er liest daraus am <strong>13. November<\/strong> +++<\/p>\n<p>+++ <strong>Bernhard Schlink<\/strong> \u00bbeiner der erfolgreichsten und einer der vielseitigsten deutschen Schriftsteller der Gegenwart.(Der Spiegel)\u00ab liest aus seinem neuen Buch am <strong>18. November<\/strong> +++<\/p>\n<p>+++ Lesen ist eine Leidenschaft von Buchh\u00e4ndler <strong>Rudolf Mu\u0308ller<\/strong> und Kulturredakteur <strong>Lothar Schr\u00f6der<\/strong>. Das Publikum ist herzlich eingeladen, sich am <strong>22. November<\/strong> bei Kaffee und Geb\u00e4ck am ihrem Gespr\u00e4ch zu beteiligen. +++<\/p>\n<p>+++ In seinem neuen Buch <em>Lob der Realit\u00e4t<\/em> l\u00e4sst <strong>PeterLicht<\/strong> (Musiker, Regisseur und Autor) unsere gesellschaftlichen Realit\u00e4ten tanzen und macht sich mit kaskadenhaften Monologen seinen ganz eigenen Reim auf die Welt. Im Heine Haus am<strong> 25. November<\/strong> +++<\/p>\n<p>+++ Wie sollen unsere H\u00e4user in Zukunft aussehen?<strong> Niklas Maak,<\/strong> Leiter des Kunstressort der Frankfurter Allgemeinen Zeitung, analysiert in seinem Buch\u00a0Wohnkomplex\u00a0unsere H\u00e4user und die damit verbundenen Lebensformen. Der Vortrag am <strong>27. November<\/strong> im Heine Haus +++<\/p>\n<p>+++ Aus der Perspektive des kleinwu\u0308chsigen Schlossfr\u00e4uleins Marie erz\u00e4hlt der Autor <strong>Thomas Hettche<\/strong> in seinem neuen Roman <em>Pfaueninsel<\/em> von der Blu\u0308te, Reife und Verfall der Insel in der Havel. Er liest am<strong> 4. Dezember<\/strong> +++<\/p>\n<p>+++ Der vielfach ausgezeichnete\u00a0<strong> Alexander Kluge<\/strong> wird mit dem Heine-Preis der Landeshauptstadt D\u00fcsseldorf geehrt. Auf Einladung von Heine Haus und Heinrich-Heine-Institut liest Kluge am Nachmittag nach der Preisverleihung, am <strong>13. Dezember<\/strong>,\u00a0 im Schaupielhaus aus seinen Werken. +++<\/p>\n<p><strong>Unsere Veranstaltungen im September, Oktober 2014<\/strong><\/p>\n<p>+++ In der Reihe<em> Literatur.Sprache.Musik.<\/em> veranstaltet das Heine Haus am <strong>4. September<\/strong> eine Autorenlesung und Gespr\u00e4ch mit<strong> Ursula Krechel <\/strong>und<strong> Raoul Schrott<\/strong>. +++<\/p>\n<p>+++\u00a0Die<strong> Kunststiftung NRW<\/strong> hat anl\u00e4sslich ihres 25-j\u00e4hrigen Jubil\u00e4ums einen Band mit Dichterinnen und Dichtern aus NRW aus den letzten 25 Jahren herausgegeben. Die Autorenlesung mit <strong>J\u00fcrgen Becker, Ulla Hahn <\/strong>und<strong> Christoph Wenzel<\/strong> findet am<strong> 18. September<\/strong> statt.\u00a0+++<\/p>\n<p>+++\u00a0In einer klaren Sprache und sch\u00f6nen Bildern erz\u00e4hlt <strong>Judith Hermann<\/strong> in ihrem neuen Buch vom Einsturz eines sicher geglaubten Lebens. Sie liest daraus am <strong>23. September.<\/strong>\u00a0+++<\/p>\n<p>+++ An vierzig Orten weltweit finden wir am 3o. September \u201eGl\u00e4serne \u00dcbersetzer\u201c bei der Arbeit. Im Heine Haus kann man <strong>Sabine Schwenk<\/strong> \u00fcber die Schulter schauen. +++<\/p>\n<p>+++\u00a0<strong>Wilhelm Genazino<\/strong> erkundet mit viel Humor den schmalen Grat zwischen Eigensinn und Absturz. Er liest aus seinem neuen Buch am <strong>12. Oktober<\/strong> im Schauspielhaus.\u00a0+++<\/p>\n<p>+++<em> Betong\u00f6tter<\/em> ist der erste Roman des finnischen Professors f\u00fcr Soziologie <strong>Markku Kivinen<\/strong>; ein Bestseller. Der Autor liest am<strong> 14. Oktober<\/strong>.\u00a0+++<\/p>\n<p>+++\u00a0Mit dem Roman <em>Nackt<\/em> schl\u00e4gt<strong> Jean-Philippe Toussaint<\/strong> in seinem vierten Buch \u00fcber Marie ein weiteres Kapitel auf. Er liest im Heine Haus am <strong>20. Oktober<\/strong>.\u00a0+++<\/p>\n<p>+++\u00a0Zwei der Nominierten des\u00a0 <strong>Schweizer Buchpreises<\/strong> machen auf ihrer Lesetour Station im Heine Haus und stellen ihre Werke vor. <strong>Am 29. Oktober.\u00a0<\/strong>+++<\/p>\n<p><strong>Unsere Veranstaltungen im Juni, Juli, August 2014<\/strong><\/p>\n<p>+++ Am<strong> 31.05.<\/strong> er\u00f6ffnen wir um 17:00 Uhr die Ausstellung <strong>Harald Naegeli.<\/strong> Tierzeichnungen.\u00a0Harald Naegeli ist anwesend. +++<\/p>\n<p>+++ Im Juni feiert die Buchhandlung M\u00fcller &amp; B\u00f6hm ihr 25-j\u00e4hriges Jubil\u00e4um. Und wir freuen uns auf das Poesiefest mit <strong>Durs Gr\u00fcnbein <\/strong>und<strong> Oswald Egger <\/strong>am<strong> 3. Juni.<\/strong> +++<\/p>\n<p>+++ Am zweiten Tag des Poesiefests, am 4. Juni, erwarten wir\u00a0 <strong>Michael Kr\u00fcger <\/strong>und<strong> Michael K\u00f6hlmeier<\/strong>. +++<\/p>\n<p>+++ Zum Auftakt der neuen Reihe <em>Gespr\u00e4ch u\u0308ber Literatur<\/em> sprechen R<strong>udolf M\u00fcller <\/strong>und<strong> Lothar Schr\u00f6der<\/strong> \u00fcber die Lyrik. Am <strong>5. Juni<\/strong>. +++<\/p>\n<p>+++ Vor der Du\u0308sseldorfer Premiere in der Deutschen Oper am Rhein wird <strong>Martin Baltscheit <\/strong>gemeinsam mit Marius Felix Lange und Solistinnen und Solisten der Deutschen Oper am Rhein die Geschichte Vom M\u00e4dchen, dass nicht schlafen wollte im Heine Haus pr\u00e4sentieren. Am <strong>15. Juni<\/strong> +++<\/p>\n<p>+++\u00a0Die Bachmann-Preistr\u00e4gerin <strong>Katja Petrowskaja<\/strong> schreibt von ihren Reisen zu den Schaupl\u00e4tzen Kiew, Odessa und Moskau. Sie liest bei uns am <strong>25. Juni<\/strong> +++<\/p>\n<p>+++\u00a0Am <strong>3. August<\/strong> pr\u00e4sentiert die Literaturwissenschaftlerin und promovierte Philosophin<strong> Selinde B\u00f6hm<\/strong> im Museumscaf\u00e9 Lieshout der Kunstsammlung ihre pers\u00f6nliche Auslese. +++<\/p>\n<p>+++\u00a0Der deutsche Comic-Ku\u0308nstler <strong>Ulf. K.<\/strong> hat die parabelhaften Prosaminiaturen von Bertolt Brecht mit subtilem Humor hervorragend als Graphik Novel umgesetzt. Sie k\u00f6nnen ihn erlaben am <strong>27. August<\/strong> im Heine Haus +++<br \/>\n<strong>Unsere Veranstaltungen im April und Mai 2014<\/strong><\/p>\n<p>+++ <strong>Margriet de Moor<\/strong> zeigt in ihrem fabelhaften neuen Roman in vier miteinander verkn\u00fcpften Geschichten, wozu die Liebe f\u00e4hig ist und was sie mit uns machen kann. Sie liest am<strong> 1. April<\/strong> im Heine Haus. +++<\/p>\n<p>+++ In dem 2010 uraufgef\u00fchrten Theaterst\u00fcck<em> Die ganze Welt<\/em> lassen <strong>Theresia Walser <\/strong>und<strong> Karl-Heinz Ott<\/strong> die Lebenswelten zweier v\u00f6llig gegens\u00e4tzlicher Paare aufeinanderprallen. Eine Auff\u00fchrung in der Reihe<em> Literatur.Sprache.Musik<\/em> am <strong>8. April<\/strong> +++<\/p>\n<p>+++ Wir laden herzlich ein zur Ausstellung, Lesung und Gespr\u00e4ch mit <strong>Felix Droese <\/strong>und<strong> Matthias Politycki<\/strong>. Am<strong> 29. April<\/strong> +++<\/p>\n<p>+++ Der Literaturjournalist <strong>Andreas Platthaus<\/strong> (FAZ) pr\u00e4sentiert im Museumscaf\u00e9 Lieshout der Kunstsammlung NRW am <strong>4. Mai<\/strong> seine pers\u00f6nliche Auslese f\u00fcr die Sammlung. +++<\/p>\n<p>+++<strong> Wolfgang Ullrich <\/strong>und<strong> Harry Walter<\/strong> stellen\u00a0 den Ausstellungskatalog der Quadriennale D\u00fcssedorf 2014 \u00dcber das Morgen hinaus vor. Am<strong> 5. Mai.<\/strong> +++<\/p>\n<p>+++ Zu einem musikalisch-literarischen Abend mit <strong>Oskar Gottlieb Blarr<\/strong> laden wir am <strong>14. Mai<\/strong> ein. +++<\/p>\n<p>+++ Die thematischen Soireen des <strong>Opernstudios der Deutschen Oper am Rhein<\/strong> widmen sich der Verbindung von Musik und Literatur. Am <strong>21. Mai<\/strong> dreht sich alles Rund um Verdi. +++<\/p>\n<p>+++ Eine Podiumsdiskussion mit der Literaturkritikerin <strong>Ina Hartwig<\/strong> und den \u00dcbersetzern<strong> Susanne Lange <\/strong>und<strong> Jean-Pierre Lefebvre<\/strong> zum Thema Neu\u00fcbersetzungen am <strong>22.Mai<\/strong>. +++<\/p>\n<p><strong>Unsere Veranstaltungen im Februar und M\u00e4rz 2014<\/strong><\/p>\n<p>+++ Die in D\u00fcsseldorf lebende Schriftstellerin <strong>Milda Dr\u00fcke<\/strong> bestreitet in diesem Jahr die erste Veranstaltung dieser Reihe Auslese im Museumscaf\u00e9 Lieshout der Kunstsammlung NRW. Am <strong>2. Februar 2014<\/strong> +++<\/p>\n<p>+++ Der mit zahlreichen Preisen ausgezeichnete Schriftsteller <strong>Martin Mosebach<\/strong> wechselt in seinem Roman Das Blutbuchenfest zwischen Ironie und Trauer, Komik und H\u00e4rte. Er liest im Heine Haus am<strong> 5. Februar 2014<\/strong> +++<\/p>\n<p>+++ Der Tagesspiegel schreibt: <em>\u201eLeon de Winter hat etwas zu erz\u00e4hlen, und er tut es so gut, da\u00df man nicht genug davon bekommen kann.\u201c<\/em> Im Heine Haus liest <strong>Leon de Winter<\/strong> aus <em>Ein gutes Herz<\/em> am <strong>10. Februar<\/strong> +++<\/p>\n<p>+++ Zur Finissage der Ausstellung von <strong>Claudia Berg<\/strong> liest der B\u00fcchner-Preistr\u00e4ger<strong> Volker Braun<\/strong> aus seinen Gedichten. Am <strong>21. Februar<\/strong> +++<\/p>\n<p>+++ In seinem 2013 erschienenen Buch <em>Die Dongdong-T\u00e4nzerin<\/em> und der Sichuan-Koch portraitiert der Friedenspreistr\u00e4ger des Deutschen Buchhandels 2012 <strong>Liao Yiwu<\/strong> faszinierende Figuren und deren Schicksale aus der chinesischen Wirklichkeit. Am <strong>25. Februar<\/strong> +++<\/p>\n<p>+++\u00a0 Im Heine Haus spricht<strong> Gy\u00f6rgy Konr\u00e1d<\/strong> \u00fcber seinen Lebensweg durch die Diktaturen, \u00fcber den Aufbruch von 1989 und die politischen Entwicklungen im Ungarn der Gegenwart. Am <strong>11. M\u00e4rz<\/strong> +++<\/p>\n<p>+++ Der Franco-Kanadische Autor<strong> Ryad Assani-Razaki<\/strong> erz\u00e4hlt mit seinem Roman Iman, fabelhaft \u00fcbersetzt von Sonja Finck, vom Schicksal dreier Kinder auf der Flucht, aber auch \u00fcber Solidarit\u00e4t und tiefe Freundschaft. Er liest daraus am <strong>19. M\u00e4rz<\/strong> +++<br \/>\n<strong>Unsere Veranstaltungen im Januar und Februar 2015<\/strong><\/p>\n<p>+++ <strong>Lutz Seiler<\/strong>, bekannt als Lyriker, legt mit Kruso seinen ersten, lang erwarteten Roman vor und erhielt auf Anhieb den Deutschen Buchpreis. Er liest daraus am<strong> 22.\u00a0 Januar<\/strong> +++<\/p>\n<p>+++ <strong>Michael Kru\u0308ger<\/strong>, Schriftsteller, Dichter, \u00dcbersetzer und ehemaliger Verleger des Hanser Verlages verbindet eine enge Freundschaft mit dem Schriftsteller und aktuellen Nobelpreistr\u00e4ger <strong>Patrick Modiano<\/strong>. Im Heine Haus gibt er uns einen Einblick in Werk und Schaffen des Literaturnobelpreistr\u00e4gers. Am <strong>23. Januar<\/strong> +++<\/p>\n<p>+++ Die Leiterin des Literaturhaus K\u00f6ln <strong>Bettina Fischer<\/strong> pr\u00e4sentiert im Museumscaf\u00e9 Lieshout der Kunstsammlung ihre pers\u00f6nliche Auswahl f\u00fcr die Kunstsammlung NRW. Am<strong> 1. Februar<\/strong> +++<\/p>\n<p>+++<strong> Arno Geiger<\/strong> erz\u00e4hlt in seinem ganz pers\u00f6nlichen, unverwechselbaren Ton vom Jungsein, von der Suche nach dem, was wichtig ist, von der Suche nach einem eigenen Platz in der Welt. Am<strong> 26. Februar<\/strong> +++<\/p>\n<\/div>\n","protected":false},"excerpt":{"rendered":"<p>Unsere Veranstaltungen im November, Dezember 2014 +++ Der Autor, \u00dcbersetzer und ehemalige Verleger des Hanser Verlages Michael Kru\u0308ger pr\u00e4sentiert im Museumscaf\u00e9 Lieshout der Kunstsammlung seine pers\u00f6nliche Auswahl. Am 2. November +++ +++ Michael K\u00f6hlmeier verknu\u0308pft in seinem neuen Roman Zwei Herren am Strand zwei scheinbar ungleiche Leben zu einer Geschichte: Winston Churchill und Charlie Chaplin stehen im Fokus einer Reise durch die Weltgeschichte. Am 10. November\u00a0+++ +++ Pierre Lemaitre, der aktuelle Preistr\u00e4ger des renomierten Prix Goncourt, hat ein ausgezeichnetes Buch u\u0308ber Freundschaft, Rachsucht und Gier geschrieben. Er liest daraus am 13. November +++ +++ Bernhard Schlink \u00bbeiner der erfolgreichsten und einer der vielseitigsten deutschen Schriftsteller der Gegenwart.(Der Spiegel)\u00ab liest aus seinem neuen Buch am 18. November +++ +++ Lesen ist&#8230;<\/p>\n","protected":false},"author":1,"featured_media":0,"parent":23,"menu_order":0,"comment_status":"closed","ping_status":"closed","template":"","meta":{"_mc_calendar":[]},"_links":{"self":[{"href":"https:\/\/www.heinehaus.de\/index.php\/wp-json\/wp\/v2\/pages\/2687"}],"collection":[{"href":"https:\/\/www.heinehaus.de\/index.php\/wp-json\/wp\/v2\/pages"}],"about":[{"href":"https:\/\/www.heinehaus.de\/index.php\/wp-json\/wp\/v2\/types\/page"}],"author":[{"embeddable":true,"href":"https:\/\/www.heinehaus.de\/index.php\/wp-json\/wp\/v2\/users\/1"}],"replies":[{"embeddable":true,"href":"https:\/\/www.heinehaus.de\/index.php\/wp-json\/wp\/v2\/comments?post=2687"}],"version-history":[{"count":6,"href":"https:\/\/www.heinehaus.de\/index.php\/wp-json\/wp\/v2\/pages\/2687\/revisions"}],"predecessor-version":[{"id":2702,"href":"https:\/\/www.heinehaus.de\/index.php\/wp-json\/wp\/v2\/pages\/2687\/revisions\/2702"}],"up":[{"embeddable":true,"href":"https:\/\/www.heinehaus.de\/index.php\/wp-json\/wp\/v2\/pages\/23"}],"wp:attachment":[{"href":"https:\/\/www.heinehaus.de\/index.php\/wp-json\/wp\/v2\/media?parent=2687"}],"curies":[{"name":"wp","href":"https:\/\/api.w.org\/{rel}","templated":true}]}}