{"id":5344,"date":"2020-07-17T14:07:56","date_gmt":"2020-07-17T14:07:56","guid":{"rendered":"http:\/\/relaunch.heinehaus.de\/?page_id=5344"},"modified":"2020-11-30T12:16:17","modified_gmt":"2020-11-30T11:16:17","slug":"poesiefest","status":"publish","type":"page","link":"https:\/\/www.heinehaus.de\/index.php\/poesiefest\/","title":{"rendered":"PoesieFest"},"content":{"rendered":"\n<p>Seit 2010 wird im Heine Haus Literaturhaus D\u00fcsseldorf die Poesie j\u00e4hrlich mit einem mehrt\u00e4gigen Programm gew\u00fcrdigt in der Reihe: <strong>Poesie \u2013 ein Fest im Heine Haus.<\/strong> In den letzten zehn Jahren waren u.a. dabei: Anneke Brassinka, J\u00fcrgen Becker, Marcel Beyer, Ann Cotten, Carolin Callies, Oswald Egger, Elke Erb, Durs Gr\u00fcnbein, Eugen Gomringer, Peter Handke, Esther Kinsky, Michael Lentz, Michael K\u00f6hlmeier, Michel Kr\u00fcger, Herta M\u00fcller, Cees Nooteboom, Marion Poschmann, Monika Rinck, Joachim Sartorius, Raoul Schrott, Ulf Stolterfoht, Peter Waterhouse und Liao Yiwu.<br><\/p>\n\n\n\n<p>In jedem Jahr steht das Poesiefest unter einem besonderen Motto, was von Schriftstellerkollegen gestiftet wird und dem jeweiligen Programm einen kontingenten Rahmen gibt. So z.B. von Friederike Mayr\u00f6cker, Stephan Hessel, Hans Magnus Enzensberger u.a.m. In 2020 war es thematisch \u201eErinnern \u2013 vergessen\u201c. Das Motto kam von Cees Nooteboom (\u201eDie Erinnerung ist wie ein Hund, der sich hinlegt, wo er will\u201c), der auch als Gast am Er\u00f6ffnungsabend vorgetragen hat.<\/p>\n\n\n\n<p><br>Als Erg\u00e4nzung gibt es beim PoesieFest in unregelm\u00e4\u00dfigen Abst\u00e4nden einen thematisch abgestimmten musikalischen Beitrag unseres Kooperationspartners der Deutschen Oper am Rhein, in den letzten Jahren fand im Opernhaus im Rahmen der Kooperation das Kinderpoesiefest statt.<\/p>\n\n\n\n<p>Das Programm wird ausgew\u00e4hlt und verantwortet vom Beirat PoesieFest. Juroren sind aktuell der Verleger und Hrsg. Jahrbuch der Lyrik Christoph Buchwald, der Schriftsteller, Literaturkritiker (u.a. Jury Leipziger Buchpreis) und Journalist Tobias Lehmkuhl, sowie der Literaturexperte (u.a. Mitglied Akademie Deutscher Buchpreis) und Buchh\u00e4ndler Rudolf M\u00fcller. Dr. Selinde B\u00f6hm ist in ihrer Funktion als Programm- und Gesch\u00e4ftsf\u00fchrerin des Heine Haus die Vorsitzende des Beirat PoesieFest.<\/p>\n\n\n\n<p><em>Medienpartner: Rheinische Post. <\/em><br><em>Gef\u00f6rdert von: Kulturamt Landeshauptstadt D\u00fcsseldorf, Kunststiftung NRW, ViVarte Stiftung u.a.<\/em><\/p>\n\n\n\n<figure class=\"wp-block-image size-large is-resized\"><img decoding=\"async\" src=\"http:\/\/relaunch.heinehaus.de\/wp-content\/uploads\/2020\/11\/RP_HEINEHAUS_COVER-439x650.jpg\" alt=\"\" class=\"wp-image-5800\" width=\"700\" srcset=\"https:\/\/www.heinehaus.de\/wp-content\/uploads\/2020\/11\/RP_HEINEHAUS_COVER-439x650.jpg 439w, https:\/\/www.heinehaus.de\/wp-content\/uploads\/2020\/11\/RP_HEINEHAUS_COVER-304x450.jpg 304w, https:\/\/www.heinehaus.de\/wp-content\/uploads\/2020\/11\/RP_HEINEHAUS_COVER-768x1138.jpg 768w, https:\/\/www.heinehaus.de\/wp-content\/uploads\/2020\/11\/RP_HEINEHAUS_COVER-1037x1536.jpg 1037w, https:\/\/www.heinehaus.de\/wp-content\/uploads\/2020\/11\/RP_HEINEHAUS_COVER-1383x2048.jpg 1383w, https:\/\/www.heinehaus.de\/wp-content\/uploads\/2020\/11\/RP_HEINEHAUS_COVER-640x948.jpg 640w, https:\/\/www.heinehaus.de\/wp-content\/uploads\/2020\/11\/RP_HEINEHAUS_COVER.jpg 1525w\" sizes=\"(max-width: 439px) 100vw, 439px\" \/><\/figure>\n\n\n\n<p>Sie k\u00f6nnen durch diese Beilage der Rheinischen Post anl\u00e4sslich des 10. PoesieFests 2020<a rel=\"noreferrer noopener\" href=\"https:\/\/issuu.com\/mullerundbohm\/docs\/rp_heinehaus_poesie_2020\" target=\"_blank\"> hier bl\u00e4ttern\u00bb\u00bb<\/a><\/p>\n","protected":false},"excerpt":{"rendered":"<p>Seit 2010 wird im Heine Haus Literaturhaus D\u00fcsseldorf die Poesie j\u00e4hrlich mit einem mehrt\u00e4gigen Programm gew\u00fcrdigt in der Reihe: Poesie \u2013 ein Fest im Heine Haus. In den letzten zehn Jahren waren u.a. dabei: Anneke Brassinka, J\u00fcrgen Becker, Marcel Beyer, Ann Cotten, Carolin Callies, Oswald Egger, Elke Erb, Durs Gr\u00fcnbein, Eugen Gomringer, Peter Handke, Esther Kinsky, Michael Lentz, Michael K\u00f6hlmeier, Michel Kr\u00fcger, Herta M\u00fcller, Cees Nooteboom, Marion Poschmann, Monika Rinck, Joachim Sartorius, Raoul Schrott, Ulf Stolterfoht, Peter Waterhouse und Liao Yiwu. In jedem Jahr steht das Poesiefest unter einem besonderen Motto, was von Schriftstellerkollegen gestiftet wird und dem jeweiligen Programm einen kontingenten Rahmen gibt. So z.B. von Friederike Mayr\u00f6cker, Stephan Hessel, Hans Magnus Enzensberger u.a.m. In 2020 war es thematisch&#8230;<\/p>\n","protected":false},"author":1,"featured_media":0,"parent":0,"menu_order":0,"comment_status":"closed","ping_status":"closed","template":"","meta":{"_mc_calendar":[]},"_links":{"self":[{"href":"https:\/\/www.heinehaus.de\/index.php\/wp-json\/wp\/v2\/pages\/5344"}],"collection":[{"href":"https:\/\/www.heinehaus.de\/index.php\/wp-json\/wp\/v2\/pages"}],"about":[{"href":"https:\/\/www.heinehaus.de\/index.php\/wp-json\/wp\/v2\/types\/page"}],"author":[{"embeddable":true,"href":"https:\/\/www.heinehaus.de\/index.php\/wp-json\/wp\/v2\/users\/1"}],"replies":[{"embeddable":true,"href":"https:\/\/www.heinehaus.de\/index.php\/wp-json\/wp\/v2\/comments?post=5344"}],"version-history":[{"count":7,"href":"https:\/\/www.heinehaus.de\/index.php\/wp-json\/wp\/v2\/pages\/5344\/revisions"}],"predecessor-version":[{"id":5801,"href":"https:\/\/www.heinehaus.de\/index.php\/wp-json\/wp\/v2\/pages\/5344\/revisions\/5801"}],"wp:attachment":[{"href":"https:\/\/www.heinehaus.de\/index.php\/wp-json\/wp\/v2\/media?parent=5344"}],"curies":[{"name":"wp","href":"https:\/\/api.w.org\/{rel}","templated":true}]}}