{"id":5446,"date":"2020-07-24T11:03:08","date_gmt":"2020-07-24T11:03:08","guid":{"rendered":"http:\/\/relaunch.heinehaus.de\/?page_id=5446"},"modified":"2020-11-30T11:50:34","modified_gmt":"2020-11-30T10:50:34","slug":"poesie-fest-2018","status":"publish","type":"page","link":"https:\/\/www.heinehaus.de\/index.php\/poesie-fest-2018\/","title":{"rendered":"PoesieFest 2018"},"content":{"rendered":"\n<hr class=\"wp-block-separator\"\/>\n\n\n\n<p><strong>Er\u00f6ffnungsabend<br>Freitag 28. September 2018, 19 Uhr<\/strong><br><br><strong><em>Buchvorstellung: Brigitta Falkner. Strategien der Wirtsfindung (Matthes &amp; Seitz)<\/em><\/strong><br>Moderation: Rudolf M\u00fcller<br>Performance\/Konzert Katharina Franck<br>Moderation: Christoph Buchwald<br><br><br><\/p>\n\n\n\n<hr class=\"wp-block-separator\"\/>\n\n\n\n<p><strong>Samstag, 29. September 2018, 17 Uhr<\/strong><br><strong><em>Lesung und Gespr\u00e4ch: Michael Lentz, Franz Mon Zuflucht bei Fliegen (Fischer Verlag)<\/em><\/strong><br><br><br><\/p>\n\n\n\n<hr class=\"wp-block-separator\"\/>\n\n\n\n<p><strong>Sonntag, 30. September 2018, Matine\u00e9, 12 Uhr<\/strong><br><strong><em>Eugen Gomringer im Gespr\u00e4ch mit Michael Lentz<\/em><\/strong><br><strong><em>Michael Lentz<\/em><\/strong> und <strong><em>Eugen Gomringer <\/em><\/strong>werden gemeinsam Texte von Gomringer auch aus seinen j\u00fcngsten Ver\u00f6ffentlichungen lesen, \u00fcber Konkrete Poesie und Konkrete Kunst sprechen, der Frage nachgehen, was Sprache im \u00f6ffentlichen Raum hei\u00dft, und den soeben erschienenen Band<em> konkrete poesie: deutschsprachige autoren.<\/em> <em>anthologie <\/em>vorstellen, die um Gegenwartsautoren erweiterte Neuauflage der 1986 erschienenen legend\u00e4ren Anthologie der Konkreten Poesie.<br><strong><em><br>Buchvorstellung: Wsewolod Nekrassow Ich lebe ich sehe  (Vorwort von Eugen Gomringer, Michael Lang Verlag) <\/em><\/strong><br>mit der \u00dcbersetzerin und Performerin Sascha Wonders<br><br><br><\/p>\n\n\n\n<hr class=\"wp-block-separator\"\/>\n\n\n\n<p><strong>Dienstag, 2. Oktober2018<br><em>KinderPoesieFest mit Mehrdad Zaeri und Christina Laube<\/em><\/strong><br>Zu Gast ist in diesem Jahr das K\u00fcnstlerehepaar<strong><em> Mehrdad Zaeri &amp; Christina Laube <\/em><\/strong>mit der Papierwerkstatt. Der Workshop rund um die Arbeit mit Papier widmet sich der Herstellung ganzer Papierwelten, um daraus mit der Hilfe der Fotografie geeignete Illustrationen zu ent-wickeln. Die Teilnehmer k\u00f6nnen lernen, dass man auch mit einfachen Mitteln professionelle Illustrationen gestalten kann. F\u00fcr Jugendliche zwischen 14 und 18 Jahren. <\/p>\n\n\n\n<hr class=\"wp-block-separator\"\/>\n\n\n\n<p>Das Motto des PoesieFest 2018 stiftete Eugen Gomringer<\/p>\n\n\n\n<figure class=\"wp-block-image size-large\"><img decoding=\"async\" loading=\"lazy\" width=\"700\" height=\"473\" src=\"https:\/\/www.heinehaus.de\/wp-content\/uploads\/2020\/07\/Poesietage2018MOTTO-700x473.jpg\" alt=\"\" class=\"wp-image-5449\" srcset=\"https:\/\/www.heinehaus.de\/wp-content\/uploads\/2020\/07\/Poesietage2018MOTTO-700x473.jpg 700w, https:\/\/www.heinehaus.de\/wp-content\/uploads\/2020\/07\/Poesietage2018MOTTO-450x304.jpg 450w, https:\/\/www.heinehaus.de\/wp-content\/uploads\/2020\/07\/Poesietage2018MOTTO-768x518.jpg 768w, https:\/\/www.heinehaus.de\/wp-content\/uploads\/2020\/07\/Poesietage2018MOTTO-640x432.jpg 640w, https:\/\/www.heinehaus.de\/wp-content\/uploads\/2020\/07\/Poesietage2018MOTTO.jpg 1240w\" sizes=\"(max-width: 700px) 100vw, 700px\" \/><\/figure>\n\n\n\n<hr class=\"wp-block-separator\"\/>\n\n\n\n<p><strong>Katharina Franck<\/strong> wurde 1987 mit ihrer Band <em>Rainbirds<\/em> und dem Hit <em>Blueprint<\/em> schlagartig beru\u0308hmt. Bis heute macht sie Musik und schreibt H\u00f6rspiele \u2013 eine Grenzg\u00e4ngerin zwischen Musik und Literatur. Geboren in Du\u0308sseldorf, w\u00e4chst Katharina Franck in Portugal und Brasilien auf. In Sao Paulo nimmt sie Gitarrenunterricht und beschlie\u00dft schon als Teenager, S\u00e4ngerin zu werden. 1981 zieht sie zuru\u0308ck nach Deutschland, erst nach K\u00f6ln, sp\u00e4ter nach Berlin und entdeckt schon damals ihre Leidenschaft fu\u0308r Gedichte und Prosa in deutscher Sprache.<br><\/p>\n\n\n\n<p><strong>Eugen Gomringer <\/strong>wurde in Cachuela Esperanza (Bolivien) als Sohn einer Bolivianerin und eines Auslandsschweizers geboren und wuchs in der Schweiz auf. Er studierte Kunstgeschichte und National\u00f6konomie und wurde einer der Mitbegru\u0308nder der Konkreten Poesie. Er bekleidete Professuren in Du\u0308sseldorf, Bamberg, Zwickau und Schneeberg. 2000 gru\u0308ndete er das IKKP (Institut fu\u0308r Konstruktive Kunst und Konkrete Poesie, Archiv Eugen Gomringer) in Rehau, wo er heute lebt. 2011 wurde er fu\u0308r sein umfangreiches ku\u0308nstlerisches und schriftstellerisches Werk mit dem Alice-Salomon-Poetik-Preis ausgezeichnet.<br><\/p>\n\n\n\n<p><strong>Brigitta Falkner, <\/strong>geboren in Wien, schreibt Bu\u0308cher, produziert Kurzfilme und fertigt Comics und Zeichnungen an. Ihr Werk wurde bislang u. a. im Marta Herford 2002, Kunsttempel Kassel 2005, Literaturhaus Graz 2015 und im Literaturmuseum Wien 2016 ausgestellt. Sie wurde 2010 mit dem Heimrad-<br>B\u00e4cker- Preis, 2011 mit dem Preis der Stadt Wien fu\u0308r Literatur und dem Textfilm <em>made in Austria <\/em>2014 ausgezeichnet.<br><\/p>\n\n\n\n<p><strong>Michael Lentz<\/strong> wurde in Du\u0308ren geboren und lebt in Leipzig und Berlin. Er studierte Germanistik, Geschichte und Philosophie in Aachen und Mu\u0308nchen. Michael Lentz besch\u00e4ftigt sich mit akustischer Literatur, Lautpoesie, Lautmusik, improvisierter Musik und Experimentalfilm. Seit Herbst 2006 ist er Professor fu\u0308r Literarisches Schreiben am Deutschen Literaturinstitut Leipzig. Michael Lentz schreibt Romane, Erz\u00e4hlungen, Theaterstu\u0308cke, H\u00f6rspiele, Gedichte und wurde u.a. 2001 mit dem Ingeborg-Bachmann-Preis ausgezeichnet. 2012\/13 war er Inhaber der Frankfurter Poetik-Vorlesungen.<br><\/p>\n\n\n\n<p><strong>Franz Mon<\/strong> lebt als Ku\u0308nstler und Schriftsteller in Frankfurt am Main. Nach dem Studium der Germanistik, Geschichte und Philosophie arbeitete er von 1956 an als Lektor in einem Schulbuchverlag und unterrichtete bis 2000 im Bereich Grafik\/Design in Kassel, Offenbach und Karlsruhe. 2003 erhielt er die Goethe-Plakette der Stadt Frankfurt am Main, 2014 den Petrarca-Preis. Der virtuose Sprachbeweger z\u00e4hlt zu den bedeutendsten Vertretern der konkreten und visuellen Poesie. Zu seinen wichtigsten Werken geh\u00f6ren<br>neben zahlreichen H\u00f6rspielen, Essays und Collagen u.a. der Lyrikband <em>artikulationen<\/em> (1959), <em>herzzero<\/em> (1967), <em>Nach Omega undsoweiter<\/em> (1992) sowie <em>Freiflug fu\u0308r Fangfragen <\/em>(2004).<br><\/p>\n\n\n\n<p><strong>Wsewolod Nekrassow <\/strong>(1934\u20132009) wurde in Moskau geboren. Nach einem Studium der Philologie arbeitete er seit Ende der 1950er-Jahre an seinem umfangreichen literarischen Werk. Nekrassow schuf eine<br>Poesie der gesprochenen Rede. Seine zutiefst lyrische Aufmerksamkeit verbindet sich mit sprach-analytischem Witz. Er legt rhetorische Mechanismen und Alltagsintonationen frei und spu\u0308rt der S\u00e4ttigung des einzelnen Worts mit sozialer und pers\u00f6nlicher Lebenswirklichkeit nach. Nekrassows Gedichte fanden jenseits der sowjetischen Zensur nur in Samisdat-Ausgaben oder im Ausland ihren Weg zum Leser. Seit Anfang der 1990er-Jahre konnten einige Ausgaben seiner Gedichte und Essays erscheinen. Das Werk steht<br>einzig in der russischen Dichtung des 20. Jahrhunderts.<br><\/p>\n\n\n\n<p><strong>Sascha Wonders <\/strong>(Sabine H\u00e4nsgen) ist eine deutsche Slavistin, Medienwissenschaftlerin, Konzeptku\u0308nstlerin, \u00dcbersetzerin und Kuratorin. Sie wurde in Du\u0308sseldorf geboren und studierte Slavistik, Geschichte und Kunstgeschichte. Seit 2011 ist sie Gastprofessorin fu\u0308r Kulturen Mittel- und Osteuropas am Institut fu\u0308r Slawistik der Humboldt-Universit\u00e4t zu Berlin. Seit 1985 ist sie Mitglied der Moskauer Performance-Gruppe \u201eKollektive Aktionen\u201c. Seit 1996 geh\u00f6rt sie zu der Vereinigung aspei \u2013 Literatur und Kunst zwischen West und Ost.<\/p>\n\n\n\n<hr class=\"wp-block-separator\"\/>\n\n\n\n<p><em>Programm: Dr. Selinde B\u00f6hm<br>Beirat: Christoph Buchwald, Rudolf Mu\u0308ller, Hubert Spiegel<br><\/em><br><em>Veranstalter: Verein zur F\u00f6rderung des Heinrich-Heine-Geburtshauses e.V., Mu\u0308ller &amp; B\u00f6hm Literaturhandlung<br><\/em><br><em>Eintritt: Festivalkarte 15,\u2013 EUR<br>Freitag Er\u00f6ffnungsabend 10,\/8,- EUR<br>Samstag Tageskarte 10,\/8,- EUR<br>Sonntag Matine\u00e9 10,\/8,- EUR<br>Kinderprogramm: Eintritt frei, Anmeldung erforderlich<br>Die Pl\u00e4tze werden in der Reihenfolge der eingegangenen Anmeldungen vergeben<\/em>.<\/p>\n\n\n\n<hr class=\"wp-block-separator\"\/>\n\n\n\n<p><em>Mit freundlicher Unterstu\u0308tzung: Kunststiftung NRW, Kulturamt Landeshauptstadt Du\u0308sseldorf, ViVarte \u2013Stiftung, Bu\u0308rgerstiftung Du\u0308sseldorf<\/em><\/p>\n","protected":false},"excerpt":{"rendered":"<p>Er\u00f6ffnungsabendFreitag 28. September 2018, 19 Uhr Buchvorstellung: Brigitta Falkner. Strategien der Wirtsfindung (Matthes &amp; Seitz)Moderation: Rudolf M\u00fcllerPerformance\/Konzert Katharina FranckModeration: Christoph Buchwald Samstag, 29. September 2018, 17 UhrLesung und Gespr\u00e4ch: Michael Lentz, Franz Mon Zuflucht bei Fliegen (Fischer Verlag) Sonntag, 30. September 2018, Matine\u00e9, 12 UhrEugen Gomringer im Gespr\u00e4ch mit Michael LentzMichael Lentz und Eugen Gomringer werden gemeinsam Texte von Gomringer auch aus seinen j\u00fcngsten Ver\u00f6ffentlichungen lesen, \u00fcber Konkrete Poesie und Konkrete Kunst sprechen, der Frage nachgehen, was Sprache im \u00f6ffentlichen Raum hei\u00dft, und den soeben erschienenen Band konkrete poesie: deutschsprachige autoren. anthologie vorstellen, die um Gegenwartsautoren erweiterte Neuauflage der 1986 erschienenen legend\u00e4ren Anthologie der Konkreten Poesie.Buchvorstellung: Wsewolod Nekrassow Ich lebe ich sehe (Vorwort von Eugen Gomringer, Michael Lang Verlag) mit&#8230;<\/p>\n","protected":false},"author":1,"featured_media":0,"parent":0,"menu_order":0,"comment_status":"closed","ping_status":"closed","template":"","meta":{"_mc_calendar":[]},"_links":{"self":[{"href":"https:\/\/www.heinehaus.de\/index.php\/wp-json\/wp\/v2\/pages\/5446"}],"collection":[{"href":"https:\/\/www.heinehaus.de\/index.php\/wp-json\/wp\/v2\/pages"}],"about":[{"href":"https:\/\/www.heinehaus.de\/index.php\/wp-json\/wp\/v2\/types\/page"}],"author":[{"embeddable":true,"href":"https:\/\/www.heinehaus.de\/index.php\/wp-json\/wp\/v2\/users\/1"}],"replies":[{"embeddable":true,"href":"https:\/\/www.heinehaus.de\/index.php\/wp-json\/wp\/v2\/comments?post=5446"}],"version-history":[{"count":6,"href":"https:\/\/www.heinehaus.de\/index.php\/wp-json\/wp\/v2\/pages\/5446\/revisions"}],"predecessor-version":[{"id":5791,"href":"https:\/\/www.heinehaus.de\/index.php\/wp-json\/wp\/v2\/pages\/5446\/revisions\/5791"}],"wp:attachment":[{"href":"https:\/\/www.heinehaus.de\/index.php\/wp-json\/wp\/v2\/media?parent=5446"}],"curies":[{"name":"wp","href":"https:\/\/api.w.org\/{rel}","templated":true}]}}

<hr class="wp-block-separator"/>



<p><strong>Eröffnungsabend<br>Freitag 28. September 2018, 19 Uhr</strong><br><br><strong><em>Buchvorstellung: Brigitta Falkner. Strategien der Wirtsfindung (Matthes &amp; Seitz)</em></strong><br>Moderation: Rudolf Müller<br>Performance/Konzert Katharina Franck<br>Moderation: Christoph Buchwald<br><br><br></p>



<hr class="wp-block-separator"/>



<p><strong>Samstag, 29. September 2018, 17 Uhr</strong><br><strong><em>Lesung und Gespräch: Michael Lentz, Franz Mon Zuflucht bei Fliegen (Fischer Verlag)</em></strong><br><br><br></p>



<hr class="wp-block-separator"/>



<p><strong>Sonntag, 30. September 2018, Matineé, 12 Uhr</strong><br><strong><em>Eugen Gomringer im Gespräch mit Michael Lentz</em></strong><br><strong><em>Michael Lentz</em></strong> und <strong><em>Eugen Gomringer </em></strong>werden gemeinsam Texte von Gomringer auch aus seinen jüngsten Veröffentlichungen lesen, über Konkrete Poesie und Konkrete Kunst sprechen, der Frage nachgehen, was Sprache im öffentlichen Raum heißt, und den soeben erschienenen Band<em> konkrete poesie: deutschsprachige autoren.</em> <em>anthologie </em>vorstellen, die um Gegenwartsautoren erweiterte Neuauflage der 1986 erschienenen legendären Anthologie der Konkreten Poesie.<br><strong><em><br>Buchvorstellung: Wsewolod Nekrassow Ich lebe ich sehe  (Vorwort von Eugen Gomringer, Michael Lang Verlag) </em></strong><br>mit der Übersetzerin und Performerin Sascha Wonders<br><br><br></p>



<hr class="wp-block-separator"/>



<p><strong>Dienstag, 2. Oktober2018<br><em>KinderPoesieFest mit Mehrdad Zaeri und Christina Laube</em></strong><br>Zu Gast ist in diesem Jahr das Künstlerehepaar<strong><em> Mehrdad Zaeri &amp; Christina Laube </em></strong>mit der Papierwerkstatt. Der Workshop rund um die Arbeit mit Papier widmet sich der Herstellung ganzer Papierwelten, um daraus mit der Hilfe der Fotografie geeignete Illustrationen zu ent-wickeln. Die Teilnehmer können lernen, dass man auch mit einfachen Mitteln professionelle Illustrationen gestalten kann. Für Jugendliche zwischen 14 und 18 Jahren. </p>



<hr class="wp-block-separator"/>



<p>Das Motto des PoesieFest 2018 stiftete Eugen Gomringer</p>



<figure class="wp-block-image size-large"><img decoding="async" loading="lazy" width="700" height="473" src="https://www.heinehaus.de/wp-content/uploads/2020/07/Poesietage2018MOTTO-700x473.jpg" alt="" class="wp-image-5449" srcset="https://www.heinehaus.de/wp-content/uploads/2020/07/Poesietage2018MOTTO-700x473.jpg 700w, https://www.heinehaus.de/wp-content/uploads/2020/07/Poesietage2018MOTTO-450x304.jpg 450w, https://www.heinehaus.de/wp-content/uploads/2020/07/Poesietage2018MOTTO-768x518.jpg 768w, https://www.heinehaus.de/wp-content/uploads/2020/07/Poesietage2018MOTTO-640x432.jpg 640w, https://www.heinehaus.de/wp-content/uploads/2020/07/Poesietage2018MOTTO.jpg 1240w" sizes="(max-width: 700px) 100vw, 700px" /></figure>



<hr class="wp-block-separator"/>



<p><strong>Katharina Franck</strong> wurde 1987 mit ihrer Band <em>Rainbirds</em> und dem Hit <em>Blueprint</em> schlagartig berühmt. Bis heute macht sie Musik und schreibt Hörspiele – eine Grenzgängerin zwischen Musik und Literatur. Geboren in Düsseldorf, wächst Katharina Franck in Portugal und Brasilien auf. In Sao Paulo nimmt sie Gitarrenunterricht und beschließt schon als Teenager, Sängerin zu werden. 1981 zieht sie zurück nach Deutschland, erst nach Köln, später nach Berlin und entdeckt schon damals ihre Leidenschaft für Gedichte und Prosa in deutscher Sprache.<br></p>



<p><strong>Eugen Gomringer </strong>wurde in Cachuela Esperanza (Bolivien) als Sohn einer Bolivianerin und eines Auslandsschweizers geboren und wuchs in der Schweiz auf. Er studierte Kunstgeschichte und Nationalökonomie und wurde einer der Mitbegründer der Konkreten Poesie. Er bekleidete Professuren in Düsseldorf, Bamberg, Zwickau und Schneeberg. 2000 gründete er das IKKP (Institut für Konstruktive Kunst und Konkrete Poesie, Archiv Eugen Gomringer) in Rehau, wo er heute lebt. 2011 wurde er für sein umfangreiches künstlerisches und schriftstellerisches Werk mit dem Alice-Salomon-Poetik-Preis ausgezeichnet.<br></p>



<p><strong>Brigitta Falkner, </strong>geboren in Wien, schreibt Bücher, produziert Kurzfilme und fertigt Comics und Zeichnungen an. Ihr Werk wurde bislang u. a. im Marta Herford 2002, Kunsttempel Kassel 2005, Literaturhaus Graz 2015 und im Literaturmuseum Wien 2016 ausgestellt. Sie wurde 2010 mit dem Heimrad-<br>Bäcker- Preis, 2011 mit dem Preis der Stadt Wien für Literatur und dem Textfilm <em>made in Austria </em>2014 ausgezeichnet.<br></p>



<p><strong>Michael Lentz</strong> wurde in Düren geboren und lebt in Leipzig und Berlin. Er studierte Germanistik, Geschichte und Philosophie in Aachen und München. Michael Lentz beschäftigt sich mit akustischer Literatur, Lautpoesie, Lautmusik, improvisierter Musik und Experimentalfilm. Seit Herbst 2006 ist er Professor für Literarisches Schreiben am Deutschen Literaturinstitut Leipzig. Michael Lentz schreibt Romane, Erzählungen, Theaterstücke, Hörspiele, Gedichte und wurde u.a. 2001 mit dem Ingeborg-Bachmann-Preis ausgezeichnet. 2012/13 war er Inhaber der Frankfurter Poetik-Vorlesungen.<br></p>



<p><strong>Franz Mon</strong> lebt als Künstler und Schriftsteller in Frankfurt am Main. Nach dem Studium der Germanistik, Geschichte und Philosophie arbeitete er von 1956 an als Lektor in einem Schulbuchverlag und unterrichtete bis 2000 im Bereich Grafik/Design in Kassel, Offenbach und Karlsruhe. 2003 erhielt er die Goethe-Plakette der Stadt Frankfurt am Main, 2014 den Petrarca-Preis. Der virtuose Sprachbeweger zählt zu den bedeutendsten Vertretern der konkreten und visuellen Poesie. Zu seinen wichtigsten Werken gehören<br>neben zahlreichen Hörspielen, Essays und Collagen u.a. der Lyrikband <em>artikulationen</em> (1959), <em>herzzero</em> (1967), <em>Nach Omega undsoweiter</em> (1992) sowie <em>Freiflug für Fangfragen </em>(2004).<br></p>



<p><strong>Wsewolod Nekrassow </strong>(1934–2009) wurde in Moskau geboren. Nach einem Studium der Philologie arbeitete er seit Ende der 1950er-Jahre an seinem umfangreichen literarischen Werk. Nekrassow schuf eine<br>Poesie der gesprochenen Rede. Seine zutiefst lyrische Aufmerksamkeit verbindet sich mit sprach-analytischem Witz. Er legt rhetorische Mechanismen und Alltagsintonationen frei und spürt der Sättigung des einzelnen Worts mit sozialer und persönlicher Lebenswirklichkeit nach. Nekrassows Gedichte fanden jenseits der sowjetischen Zensur nur in Samisdat-Ausgaben oder im Ausland ihren Weg zum Leser. Seit Anfang der 1990er-Jahre konnten einige Ausgaben seiner Gedichte und Essays erscheinen. Das Werk steht<br>einzig in der russischen Dichtung des 20. Jahrhunderts.<br></p>



<p><strong>Sascha Wonders </strong>(Sabine Hänsgen) ist eine deutsche Slavistin, Medienwissenschaftlerin, Konzeptkünstlerin, Übersetzerin und Kuratorin. Sie wurde in Düsseldorf geboren und studierte Slavistik, Geschichte und Kunstgeschichte. Seit 2011 ist sie Gastprofessorin für Kulturen Mittel- und Osteuropas am Institut für Slawistik der Humboldt-Universität zu Berlin. Seit 1985 ist sie Mitglied der Moskauer Performance-Gruppe „Kollektive Aktionen“. Seit 1996 gehört sie zu der Vereinigung aspei – Literatur und Kunst zwischen West und Ost.</p>



<hr class="wp-block-separator"/>



<p><em>Programm: Dr. Selinde Böhm<br>Beirat: Christoph Buchwald, Rudolf Müller, Hubert Spiegel<br></em><br><em>Veranstalter: Verein zur Förderung des Heinrich-Heine-Geburtshauses e.V., Müller &amp; Böhm Literaturhandlung<br></em><br><em>Eintritt: Festivalkarte 15,– EUR<br>Freitag Eröffnungsabend 10,/8,- EUR<br>Samstag Tageskarte 10,/8,- EUR<br>Sonntag Matineé 10,/8,- EUR<br>Kinderprogramm: Eintritt frei, Anmeldung erforderlich<br>Die Plätze werden in der Reihenfolge der eingegangenen Anmeldungen vergeben</em>.</p>



<hr class="wp-block-separator"/>



<p><em>Mit freundlicher Unterstützung: Kunststiftung NRW, Kulturamt Landeshauptstadt Düsseldorf, ViVarte –Stiftung, Bürgerstiftung Düsseldorf</em></p>

<p>EröffnungsabendFreitag 28. September 2018, 19 Uhr Buchvorstellung: Brigitta Falkner. Strategien der Wirtsfindung (Matthes &amp; Seitz)Moderation: Rudolf MüllerPerformance/Konzert Katharina FranckModeration: Christoph Buchwald Samstag, 29. September 2018, 17 UhrLesung und Gespräch: Michael Lentz, Franz Mon Zuflucht bei Fliegen (Fischer Verlag) Sonntag, 30. September 2018, Matineé, 12 UhrEugen Gomringer im Gespräch mit Michael LentzMichael Lentz und Eugen Gomringer werden gemeinsam Texte von Gomringer auch aus seinen jüngsten Veröffentlichungen lesen, über Konkrete Poesie und Konkrete Kunst sprechen, der Frage nachgehen, was Sprache im öffentlichen Raum heißt, und den soeben erschienenen Band konkrete poesie: deutschsprachige autoren. anthologie vorstellen, die um Gegenwartsautoren erweiterte Neuauflage der 1986 erschienenen legendären Anthologie der Konkreten Poesie.Buchvorstellung: Wsewolod Nekrassow Ich lebe ich sehe (Vorwort von Eugen Gomringer, Michael Lang Verlag) mit&#8230;</p>
