{"id":5452,"date":"2020-07-24T11:13:59","date_gmt":"2020-07-24T11:13:59","guid":{"rendered":"http:\/\/relaunch.heinehaus.de\/?page_id=5452"},"modified":"2020-12-08T21:39:42","modified_gmt":"2020-12-08T20:39:42","slug":"poesiefest2017","status":"publish","type":"page","link":"https:\/\/www.heinehaus.de\/index.php\/poesiefest2017\/","title":{"rendered":"PoesieFest 2017"},"content":{"rendered":"\n<hr class=\"wp-block-separator\"\/>\n\n\n\n<p><strong>Er\u00f6ffnungsabend<br>Freitag 29.09.2017, 19:30 Uhr<br><\/strong><br><strong><em>Lesung: Nico Bleutge<br>Nachts leuchten die Schiffe<\/em><\/strong><br>Moderation: Hubert Spiegel (FAZ)<br><br><strong><em>Lesung: Marion Poschmann<br>Geliehene Landschaften<\/em><\/strong><br>Moderation: Rudolf Mu\u0308ller (Heine Haus)<br><br>I<strong><em>m Anschluss:<\/em><\/strong><br>Nico Bleutge und Marion Poschmann im Gespr\u00e4ch.<br><br><br><\/p>\n\n\n\n<hr class=\"wp-block-separator\"\/>\n\n\n\n<p><strong>Samstag 30. 9. 2017, 19 Uhr<\/strong><br><br><em><strong>Lesung: Raoul Schrott<br>Erste Erde. Epos<\/strong><\/em><br>Moderation: Christoph Buchwald (Verleger)<br><br><\/p>\n\n\n\n<hr class=\"wp-block-separator\"\/>\n\n\n\n<p><strong>Samstag 30. 9. 2017, 16 Uhr Kinderprogramm <br>mit Torben Kuhlmann<\/strong><br>Lesung und Workshop fu\u0308r Kinder von 6-12 Jahren<br><br><br><\/p>\n\n\n\n<hr class=\"wp-block-separator\"\/>\n\n\n\n<p><strong>Sonntag 1 . 10. 2017, Matin\u00e9e, 12 Uhr<\/strong><br><strong>Preisverleihung PoesieDebu\u0308tPreis Du\u0308sseldorf 2017<\/strong><br><br><strong><em>Maren Kames<br>halb taube halb pfau<\/em><\/strong><br><br>Gru\u00dfwort: Hans-Georg Lohe, Kulturdezernent Landeshauptstadt Du\u0308sseldorf<br>Gru\u00dfwort: Thomas Jelitte, Vorsitzender Heine Haus e.V.<br>Laudatio: Nico Bleutge<br><br><br><\/p>\n\n\n\n<hr class=\"wp-block-separator\"\/>\n\n\n\n<p>Das Motto des PoesieFestes 2017 stiftet <strong>Martin Walser<\/strong><\/p>\n\n\n\n<figure class=\"wp-block-image size-large is-resized\"><img decoding=\"async\" loading=\"lazy\" src=\"https:\/\/www.heinehaus.de\/wp-content\/uploads\/2020\/07\/POESIE_PROGRAMM2017-700x619.jpg\" alt=\"\" class=\"wp-image-5531\" width=\"720\" height=\"637\" srcset=\"https:\/\/www.heinehaus.de\/wp-content\/uploads\/2020\/07\/POESIE_PROGRAMM2017-700x619.jpg 700w, https:\/\/www.heinehaus.de\/wp-content\/uploads\/2020\/07\/POESIE_PROGRAMM2017-450x398.jpg 450w, https:\/\/www.heinehaus.de\/wp-content\/uploads\/2020\/07\/POESIE_PROGRAMM2017-768x679.jpg 768w, https:\/\/www.heinehaus.de\/wp-content\/uploads\/2020\/07\/POESIE_PROGRAMM2017-640x566.jpg 640w, https:\/\/www.heinehaus.de\/wp-content\/uploads\/2020\/07\/POESIE_PROGRAMM2017.jpg 1240w\" sizes=\"(max-width: 720px) 100vw, 720px\" \/><\/figure>\n\n\n\n<hr class=\"wp-block-separator\"\/>\n\n\n\n<p><em>Programm: Dr. Selinde B\u00f6hm<br>Beirat: Christoph Buchwald, Rudolf Mu\u0308ller, Hubert Spiegel<br><\/em><br><em>Veranstalter: Verein zur F\u00f6rderung des Heinrich-Heine-Geburtshauses e.V.,<br>Mu\u0308ller &amp; B\u00f6hm Literaturhandlung<br><\/em><br><em>Eintritt: Festivalkarte EUR 15,\u2013<br>Freitag Er\u00f6ffnungsabend: EUR 10,\u2013 \/ 8,\u2013 (erm.)<br>Samstag Abendprogramm: EUR 10,\u2013 \/ 8,\u2013 (erm.)<br>Kinderprogramm: frei<br>Sonntag Matin\u00e9e: EUR 10,\u2013 \/ 8,\u2013 (erm.) incl. Begru\u0308\u00dfungsgetr\u00e4nk<\/em><br><br><em><br><\/em><br><\/p>\n\n\n\n<hr class=\"wp-block-separator\"\/>\n\n\n\n<p><em>Gef\u00f6rdert durch:<\/em> <em>das Kulturamt der Landeshauptstadt D\u00fcsseldorf,  Kunststiftung NRW, Ministerium f\u00fcr Kultur und Wissenschaft des Landes NRW; das Kunderprogramm wird freundlich unterst\u00fctzt durch die Kunst- und Kulturstiftung der Stadtsparkasse D\u00fcsseldorf<\/em><\/p>\n","protected":false},"excerpt":{"rendered":"<p>Er\u00f6ffnungsabendFreitag 29.09.2017, 19:30 UhrLesung: Nico BleutgeNachts leuchten die SchiffeModeration: Hubert Spiegel (FAZ) Lesung: Marion PoschmannGeliehene LandschaftenModeration: Rudolf Mu\u0308ller (Heine Haus) Im Anschluss:Nico Bleutge und Marion Poschmann im Gespr\u00e4ch. Samstag 30. 9. 2017, 19 Uhr Lesung: Raoul SchrottErste Erde. EposModeration: Christoph Buchwald (Verleger) Samstag 30. 9. 2017, 16 Uhr Kinderprogramm mit Torben KuhlmannLesung und Workshop fu\u0308r Kinder von 6-12 Jahren Sonntag 1 . 10. 2017, Matin\u00e9e, 12 UhrPreisverleihung PoesieDebu\u0308tPreis Du\u0308sseldorf 2017 Maren Kameshalb taube halb pfau Gru\u00dfwort: Hans-Georg Lohe, Kulturdezernent Landeshauptstadt Du\u0308sseldorfGru\u00dfwort: Thomas Jelitte, Vorsitzender Heine Haus e.V.Laudatio: Nico Bleutge Das Motto des PoesieFestes 2017 stiftet Martin Walser Programm: Dr. Selinde B\u00f6hmBeirat: Christoph Buchwald, Rudolf Mu\u0308ller, Hubert SpiegelVeranstalter: Verein zur F\u00f6rderung des Heinrich-Heine-Geburtshauses e.V.,Mu\u0308ller &amp; B\u00f6hm LiteraturhandlungEintritt: Festivalkarte EUR 15,\u2013Freitag Er\u00f6ffnungsabend:&#8230;<\/p>\n","protected":false},"author":1,"featured_media":0,"parent":0,"menu_order":0,"comment_status":"closed","ping_status":"closed","template":"","meta":{"_mc_calendar":[]},"_links":{"self":[{"href":"https:\/\/www.heinehaus.de\/index.php\/wp-json\/wp\/v2\/pages\/5452"}],"collection":[{"href":"https:\/\/www.heinehaus.de\/index.php\/wp-json\/wp\/v2\/pages"}],"about":[{"href":"https:\/\/www.heinehaus.de\/index.php\/wp-json\/wp\/v2\/types\/page"}],"author":[{"embeddable":true,"href":"https:\/\/www.heinehaus.de\/index.php\/wp-json\/wp\/v2\/users\/1"}],"replies":[{"embeddable":true,"href":"https:\/\/www.heinehaus.de\/index.php\/wp-json\/wp\/v2\/comments?post=5452"}],"version-history":[{"count":4,"href":"https:\/\/www.heinehaus.de\/index.php\/wp-json\/wp\/v2\/pages\/5452\/revisions"}],"predecessor-version":[{"id":5916,"href":"https:\/\/www.heinehaus.de\/index.php\/wp-json\/wp\/v2\/pages\/5452\/revisions\/5916"}],"wp:attachment":[{"href":"https:\/\/www.heinehaus.de\/index.php\/wp-json\/wp\/v2\/media?parent=5452"}],"curies":[{"name":"wp","href":"https:\/\/api.w.org\/{rel}","templated":true}]}}

<hr class="wp-block-separator"/>



<p><strong>Eröffnungsabend<br>Freitag 29.09.2017, 19:30 Uhr<br></strong><br><strong><em>Lesung: Nico Bleutge<br>Nachts leuchten die Schiffe</em></strong><br>Moderation: Hubert Spiegel (FAZ)<br><br><strong><em>Lesung: Marion Poschmann<br>Geliehene Landschaften</em></strong><br>Moderation: Rudolf Müller (Heine Haus)<br><br>I<strong><em>m Anschluss:</em></strong><br>Nico Bleutge und Marion Poschmann im Gespräch.<br><br><br></p>



<hr class="wp-block-separator"/>



<p><strong>Samstag 30. 9. 2017, 19 Uhr</strong><br><br><em><strong>Lesung: Raoul Schrott<br>Erste Erde. Epos</strong></em><br>Moderation: Christoph Buchwald (Verleger)<br><br></p>



<hr class="wp-block-separator"/>



<p><strong>Samstag 30. 9. 2017, 16 Uhr Kinderprogramm <br>mit Torben Kuhlmann</strong><br>Lesung und Workshop für Kinder von 6-12 Jahren<br><br><br></p>



<hr class="wp-block-separator"/>



<p><strong>Sonntag 1 . 10. 2017, Matinée, 12 Uhr</strong><br><strong>Preisverleihung PoesieDebütPreis Düsseldorf 2017</strong><br><br><strong><em>Maren Kames<br>halb taube halb pfau</em></strong><br><br>Grußwort: Hans-Georg Lohe, Kulturdezernent Landeshauptstadt Düsseldorf<br>Grußwort: Thomas Jelitte, Vorsitzender Heine Haus e.V.<br>Laudatio: Nico Bleutge<br><br><br></p>



<hr class="wp-block-separator"/>



<p>Das Motto des PoesieFestes 2017 stiftet <strong>Martin Walser</strong></p>



<figure class="wp-block-image size-large is-resized"><img decoding="async" loading="lazy" src="https://www.heinehaus.de/wp-content/uploads/2020/07/POESIE_PROGRAMM2017-700x619.jpg" alt="" class="wp-image-5531" width="720" height="637" srcset="https://www.heinehaus.de/wp-content/uploads/2020/07/POESIE_PROGRAMM2017-700x619.jpg 700w, https://www.heinehaus.de/wp-content/uploads/2020/07/POESIE_PROGRAMM2017-450x398.jpg 450w, https://www.heinehaus.de/wp-content/uploads/2020/07/POESIE_PROGRAMM2017-768x679.jpg 768w, https://www.heinehaus.de/wp-content/uploads/2020/07/POESIE_PROGRAMM2017-640x566.jpg 640w, https://www.heinehaus.de/wp-content/uploads/2020/07/POESIE_PROGRAMM2017.jpg 1240w" sizes="(max-width: 720px) 100vw, 720px" /></figure>



<hr class="wp-block-separator"/>



<p><em>Programm: Dr. Selinde Böhm<br>Beirat: Christoph Buchwald, Rudolf Müller, Hubert Spiegel<br></em><br><em>Veranstalter: Verein zur Förderung des Heinrich-Heine-Geburtshauses e.V.,<br>Müller &amp; Böhm Literaturhandlung<br></em><br><em>Eintritt: Festivalkarte EUR 15,–<br>Freitag Eröffnungsabend: EUR 10,– / 8,– (erm.)<br>Samstag Abendprogramm: EUR 10,– / 8,– (erm.)<br>Kinderprogramm: frei<br>Sonntag Matinée: EUR 10,– / 8,– (erm.) incl. Begrüßungsgetränk</em><br><br><em><br></em><br></p>



<hr class="wp-block-separator"/>



<p><em>Gefördert durch:</em> <em>das Kulturamt der Landeshauptstadt Düsseldorf,  Kunststiftung NRW, Ministerium für Kultur und Wissenschaft des Landes NRW; das Kunderprogramm wird freundlich unterstützt durch die Kunst- und Kulturstiftung der Stadtsparkasse Düsseldorf</em></p>

<p>EröffnungsabendFreitag 29.09.2017, 19:30 UhrLesung: Nico BleutgeNachts leuchten die SchiffeModeration: Hubert Spiegel (FAZ) Lesung: Marion PoschmannGeliehene LandschaftenModeration: Rudolf Müller (Heine Haus) Im Anschluss:Nico Bleutge und Marion Poschmann im Gespräch. Samstag 30. 9. 2017, 19 Uhr Lesung: Raoul SchrottErste Erde. EposModeration: Christoph Buchwald (Verleger) Samstag 30. 9. 2017, 16 Uhr Kinderprogramm mit Torben KuhlmannLesung und Workshop für Kinder von 6-12 Jahren Sonntag 1 . 10. 2017, Matinée, 12 UhrPreisverleihung PoesieDebütPreis Düsseldorf 2017 Maren Kameshalb taube halb pfau Grußwort: Hans-Georg Lohe, Kulturdezernent Landeshauptstadt DüsseldorfGrußwort: Thomas Jelitte, Vorsitzender Heine Haus e.V.Laudatio: Nico Bleutge Das Motto des PoesieFestes 2017 stiftet Martin Walser Programm: Dr. Selinde BöhmBeirat: Christoph Buchwald, Rudolf Müller, Hubert SpiegelVeranstalter: Verein zur Förderung des Heinrich-Heine-Geburtshauses e.V.,Müller &amp; Böhm LiteraturhandlungEintritt: Festivalkarte EUR 15,–Freitag Eröffnungsabend:&#8230;</p>
