{"id":5487,"date":"2020-07-24T12:09:54","date_gmt":"2020-07-24T12:09:54","guid":{"rendered":"http:\/\/relaunch.heinehaus.de\/?page_id=5487"},"modified":"2020-12-08T21:40:35","modified_gmt":"2020-12-08T20:40:35","slug":"poesiefest-2012","status":"publish","type":"page","link":"https:\/\/www.heinehaus.de\/index.php\/poesiefest-2012\/","title":{"rendered":"PoesieFest 2012"},"content":{"rendered":"\n<p><strong>Das Motto des PoesieFestes 2012 stifete St\u00e9phane Hessel:<\/strong><br><strong>\u00bb<em>Comme la vie est lente \/\/ et comme l\u2019esp\u00e9rance est violente Wie das Leben stockt \/\/ Wie heftig die Hoffnung uns hinrei\u00dft und lockt\u00ab <\/em><\/strong><em>aus: Apollinaire \u00bbLe Pont Mirabeau\u00ab<\/em><\/p>\n\n\n\n<figure class=\"wp-block-image size-large is-resized\"><img decoding=\"async\" src=\"https:\/\/www.heinehaus.de\/wp-content\/uploads\/2020\/09\/motto.hessel2.2012-501x650.jpg\" alt=\"\" class=\"wp-image-5735\" width=\"720\" srcset=\"https:\/\/www.heinehaus.de\/wp-content\/uploads\/2020\/09\/motto.hessel2.2012-501x650.jpg 501w, https:\/\/www.heinehaus.de\/wp-content\/uploads\/2020\/09\/motto.hessel2.2012-347x450.jpg 347w, https:\/\/www.heinehaus.de\/wp-content\/uploads\/2020\/09\/motto.hessel2.2012-768x996.jpg 768w, https:\/\/www.heinehaus.de\/wp-content\/uploads\/2020\/09\/motto.hessel2.2012-1185x1536.jpg 1185w, https:\/\/www.heinehaus.de\/wp-content\/uploads\/2020\/09\/motto.hessel2.2012-640x830.jpg 640w, https:\/\/www.heinehaus.de\/wp-content\/uploads\/2020\/09\/motto.hessel2.2012.jpg 1224w\" sizes=\"(max-width: 501px) 100vw, 501px\" \/><\/figure>\n\n\n\n<hr class=\"wp-block-separator\"\/>\n\n\n\n<p><strong>Freitag, 26. 10. 2012, 19:30 Uhr<br>Er\u00f6ffnung Poesiefest<\/strong><br><br>Gru\u00dfworte: Dirk Elbers (Oberb\u00fcrgermeister der Landeshauptstadt D\u00fcsseldorf) <br><em>Dr. Maria M\u00fcller-Schareck (Kunstsammlung NRW) <br>und Rudolf M\u00fcller (Heine Haus)<\/em><br><br><strong>Herta M\u00fcller (Nobelpreis f\u00fcr Literatur 2009) <\/strong><br><strong><em>liest und zeigt die Collagen aus: Vater telefoniert mit den Fliegen (Hanser Verlag), <\/em><\/strong><br>ein poetisches Puzzle aus Zeitungspapier.<br>Moderation: Rudolf M\u00fcller<br><br>Ort: Kunstsammlung Nordrhein-Westfalen, Grabbeplatz 5, D\u00fcsseldorf<br><br><\/p>\n\n\n\n<hr class=\"wp-block-separator\"\/>\n\n\n\n<p><strong>Samstag, 27. 10. 2012 ab 13:00 Uhr<br>Poesiecaf\u00e9 im Heine Haus<\/strong><br><br>Auszug aus unserer Speisekarte:<br>Goethes \u00bbgr\u00fcne Sauce\u00ab im Rauchlachsbagutte, Brot mit Spanferkelbraten nach G\u00fcnter Grass, <br><br>Heines Apfelt\u00f6rtchen und Proust\u2019sche Eclair<br><br>Gewinnspiel mit \u00bbIcon Poet\u00ab Poetry Slam in Buchform, <br>Verlag Hermann Schmidt Mainz<br><br><strong>ab 16:00 Uhr <br>Lyrikvertonung <\/strong><br>live: mit Christoph Buchwald (Verleger und Hrsg. Jahrbuch der Lyrik) <br>und Bernd Desinger (Leiter des Filmmuseums D\u00fcsseldorf) <br><br><strong>18:00 Uhr<\/strong> <br><strong>Olga Martynova (Bachmannpreis 2012) <\/strong><br><strong>liest aus ihrem neuen Gedichtband<\/strong><br>Moderation: Norbert Wehr (Schreibheft, Zeitschrift f\u00fcr Literatur)<br><br><strong>Raoul Schrott liest eigene und von ihm \u00fcbersetzte Gedichte <br>und spricht \u00fcber sein Buch \u00bbGehirn und Gedicht\u00ab <\/strong><br>(Raoul Schrott, Arther Jacobs; Hanser Verlag)<br>Moderation: Christoph Buchwaldca. <br><br><strong>19:30 Uhr <br>abschlie\u00dfendes Gespr\u00e4ch mit Raoul Schrott, Olga Martynova, Christoph Buchwald, Rudolf M\u00fcller<\/strong><br><br><\/p>\n\n\n\n<hr class=\"wp-block-separator\"\/>\n\n\n\n<p><em>Programm: Dr. Selinde B\u00f6hm<\/em><br><em>Veranstalter: Verein zur F\u00f6rderung des Heinrich-Heine-Geburtshauses e.V., M\u00fcller &amp; B\u00f6hm Literaturhandlung<\/em><br><em> in Kooperation mit der Kunstsammlung NRW<\/em><br><em>Mit freundlicher Unterst\u00fctzung durch: Kulturamt der Landeshaupstadt D\u00fcsseldorf, Kunst- und Kulturstiftung Stadtsparkasse D\u00fcsseldorf<\/em><br><br><\/p>\n","protected":false},"excerpt":{"rendered":"<p>Das Motto des PoesieFestes 2012 stifete St\u00e9phane Hessel:\u00bbComme la vie est lente \/\/ et comme l\u2019esp\u00e9rance est violente Wie das Leben stockt \/\/ Wie heftig die Hoffnung uns hinrei\u00dft und lockt\u00ab aus: Apollinaire \u00bbLe Pont Mirabeau\u00ab Freitag, 26. 10. 2012, 19:30 UhrEr\u00f6ffnung Poesiefest Gru\u00dfworte: Dirk Elbers (Oberb\u00fcrgermeister der Landeshauptstadt D\u00fcsseldorf) Dr. Maria M\u00fcller-Schareck (Kunstsammlung NRW) und Rudolf M\u00fcller (Heine Haus) Herta M\u00fcller (Nobelpreis f\u00fcr Literatur 2009) liest und zeigt die Collagen aus: Vater telefoniert mit den Fliegen (Hanser Verlag), ein poetisches Puzzle aus Zeitungspapier.Moderation: Rudolf M\u00fcller Ort: Kunstsammlung Nordrhein-Westfalen, Grabbeplatz 5, D\u00fcsseldorf Samstag, 27. 10. 2012 ab 13:00 UhrPoesiecaf\u00e9 im Heine Haus Auszug aus unserer Speisekarte:Goethes \u00bbgr\u00fcne Sauce\u00ab im Rauchlachsbagutte, Brot mit Spanferkelbraten nach G\u00fcnter Grass, Heines Apfelt\u00f6rtchen und Proust\u2019sche&#8230;<\/p>\n","protected":false},"author":1,"featured_media":0,"parent":0,"menu_order":0,"comment_status":"closed","ping_status":"closed","template":"","meta":{"_mc_calendar":[]},"_links":{"self":[{"href":"https:\/\/www.heinehaus.de\/index.php\/wp-json\/wp\/v2\/pages\/5487"}],"collection":[{"href":"https:\/\/www.heinehaus.de\/index.php\/wp-json\/wp\/v2\/pages"}],"about":[{"href":"https:\/\/www.heinehaus.de\/index.php\/wp-json\/wp\/v2\/types\/page"}],"author":[{"embeddable":true,"href":"https:\/\/www.heinehaus.de\/index.php\/wp-json\/wp\/v2\/users\/1"}],"replies":[{"embeddable":true,"href":"https:\/\/www.heinehaus.de\/index.php\/wp-json\/wp\/v2\/comments?post=5487"}],"version-history":[{"count":5,"href":"https:\/\/www.heinehaus.de\/index.php\/wp-json\/wp\/v2\/pages\/5487\/revisions"}],"predecessor-version":[{"id":5917,"href":"https:\/\/www.heinehaus.de\/index.php\/wp-json\/wp\/v2\/pages\/5487\/revisions\/5917"}],"wp:attachment":[{"href":"https:\/\/www.heinehaus.de\/index.php\/wp-json\/wp\/v2\/media?parent=5487"}],"curies":[{"name":"wp","href":"https:\/\/api.w.org\/{rel}","templated":true}]}}