{"id":6513,"date":"2022-03-21T16:25:13","date_gmt":"2022-03-21T15:25:13","guid":{"rendered":"https:\/\/www.heinehaus.de\/?page_id=6513"},"modified":"2022-03-21T16:25:14","modified_gmt":"2022-03-21T15:25:14","slug":"archiv-2021","status":"publish","type":"page","link":"https:\/\/www.heinehaus.de\/index.php\/archiv-2021\/","title":{"rendered":"Archiv 2021"},"content":{"rendered":"\n<h2>Unsere Veranstaltungen Jan \u2013 April 2021<br><br><\/h2>\n\n\n\n<p><strong>17.02.2021, Mi: 15 Jahre Heine Haus<\/strong><br>4-teilige Poster Edition<br>Film mit Programm Ausschnitten: Highlights der Er\u00f6ffnung<\/p>\n\n\n\n<p><strong>24.02.2021, Mi: Henrik Schrat \u2013 Grimms M\u00e4rchen<\/strong><br>Henrik Schrat im Gespr\u00e4ch mit Rudolf M\u00fcller <br><em>au\u00dfer Haus \/ Livestream ohne Publikum<\/em><br>In Kooperation mit der Literaturhandlung M\u00fcller &amp; B\u00f6hm l\u00e4dt die Galerie Ute Parduhn zur Veranstaltungsreihe \u00bbKunst und Literatur\u00ab ein.<\/p>\n\n\n\n<p><strong>24.03.2021, Mi: Nanne Meyer \u2013 Die Auswandernden<\/strong><br>Nanne Meyer im Gespr\u00e4ch mit Rudolf M\u00fcller<br><em>au\u00dfer Haus\/ Livestream ohne Publikum<\/em><br>In Kooperation mit der Literaturhandlung M\u00fcller &amp; B\u00f6hm l\u00e4dt die Galerie Ute Parduhn zur Veranstaltungsreihe \u00bbKunst und Literatur\u00ab ein.<\/p>\n\n\n\n<p><strong>20.04.2021, Di: Stephan Kaluza, Fragmente eines \u00c4ngstlichen<\/strong><br>Livestream ohne Publikum,  Nachholtermin vom 08.12.2020<br>Gespr\u00e4ch mit Denis Scheck in der Reihe Kunst trifft Literatur.<\/p>\n\n\n\n<p><strong>21.04.2021, Mi: Via Lewandowsky \/Durs Gr\u00fcnbein, Intercom<\/strong><br>Via Lewandowsky und Durs Gr\u00fcnbein im Gespr\u00e4ch<br><em>au\u00dfer Haus \/ Livestream ohne Publikum<\/em><br>Eine Veranstaltung der Galerie Ute Parduhn in Kooperation mit Literaturhandlung M\u00fcller &amp; B\u00f6hm in der Veranstaltungsreihe \u00bbKunst und Literatur\u00ab <\/p>\n\n\n\n<p><\/p>\n\n\n\n<h2>Unsere Veranstaltungen Mai \u2013 August 2021<\/h2>\n\n\n\n<p><strong>28.05.2021, Fr: Harald Naegeli, Wolkenpost<\/strong><br><em>Livestream ohne Publikum<\/em><br>Buchvorstellung: Wolkenpost mit Harald Naegeli und Rudolf M\u00fcller.<\/p>\n\n\n\n<p><strong>15.06.2021, Di: Will Gmehling, N\u00e4chste Runde. Die Bukowskis boxen sich durch.<\/strong><br><em>Livestream ohne Publikum<\/em><br>Autorenlesung in der Reihe<em> Literaturhaus Heine f\u00fcr Gro\u00dfe &amp; Kleine<\/em><br><\/p>\n\n\n\n<p><strong>02.07.2021, Fr: Mother Tongues Becoming Bold<\/strong><br>Lesung und Gespr\u00e4ch per Livestream mit Jennifer Nansubuga Makumbi <br><em>Livestream ohne Publikum<\/em><br>zu Gast im Heine Haus<\/p>\n\n\n\n<p><strong>06.07.2021, Di: Judith Hermann, Daheim<\/strong><br><em>Veranstaltung mit Publikum<\/em><br>Autorenlesung in der Reihe <em>Neue deutsche Literatur<\/em><\/p>\n\n\n\n<p><strong>07.07.2021, Mi: Vorstellung \u00bbThomas Kling. Werke in vier B\u00e4nden\u00ab mit Marcel Beyer (Hg.)<\/strong><br><em>Lesung: Oswald Egger, Marion Poschmann<\/em><br>Veranstaltung mit Publikum und Livestream<br><br><strong>15.07.2021, Do: Maria Barnas &amp; Sonja vom Brocke Trimaran,<\/strong><br><strong>Lyrikmagazin f\u00fcr Deutschland, Flandern und die Niederlande<\/strong><br>Veranstaltung mit Publikum<br>Im Rahmen von \u00bbLiterarischer Sommer 2021\u00ab<\/p>\n\n\n\n<p><strong>27.07.2021, Di: Oswald Egger, Entweder ich habe die Fahrt am Mississippi nur getr\u00e4umt, oder ich tr\u00e4ume jetzt<\/strong><br><em>Veranstaltung mit Publikum<\/em><br>Autorenlesung in der Reihe \u00bbNeue deutsche Literatur\u00ab<\/p>\n\n\n\n<p><strong>05.08.2021, Do: Jochen H\u00f6risch, H\u00e4nde<\/strong><br><em>Veranstaltung mit Publikum<\/em><br>Autorenlesung in der Reihe \u00bbNeue deutsche Literatur\u00ab<\/p>\n\n\n\n<p><strong>10.08.2021, Di: Hans J\u00fcrgen Balmes, Der Rhein<\/strong><br><em>Veranstaltung mit Publikum<\/em><br>Autorenlesung in der Reihe \u00bbNeue deutsche Literatur\u00ab<\/p>\n\n\n\n<p><strong>18.08.2021, Mi: J.M.A. Biesheuvel, Reise durch mein Zimmer<\/strong><br><em>Veranstaltung mit Publikum<\/em><br>Buchvorstellung in der Reihe <em>Literatur der Nachbarn<\/em><\/p>\n\n\n\n<h2>Unsere Veranstaltungen Sept \u2013 Dez 2021<\/h2>\n\n\n\n<p><strong>02.09.2021, Do: Literaturkurs mit Heins Norbert Jocks<\/strong><br><strong><em>Susan Sontag, Wie wir jetzt leben<\/em><\/strong><br>Literaturkurs im Heine Haus \u00bbLiteratur lesen bei M\u00fcller &amp; B\u00f6hm\u00ab<\/p>\n\n\n\n<p><strong>23.09.2021, Do: Martin Baltscheit, Die Geschichte vom L\u00f6wen der nicht schlafen konnte<\/strong><br><em>Veranstaltung mit Publikum<\/em><br>Im Rahmen von \u00bb50 Jahre Beltz &amp; Gelberg\u00ab und \u00bb35 Jahre Gulliver\u00ab<\/p>\n\n\n\n<p><strong>27.09.2021, Mo: F.C. Delius, Die sieben Sprachen des Schweigens<\/strong><br><em>Veranstaltung mit Publikum (ausgefallen\/verschoben)<\/em><br>Autorenlesung in der Reihe \u00bbNeue deutsche Literatur\u00ab<\/p>\n\n\n\n<p><strong>01.10.2021 \u2013 03.10.2021 Poesie, Ein Fest im Heine Haus<\/strong><br><em>Veranstaltung mit Publikum und Livestream<\/em><\/p>\n\n\n\n<p><strong>01.10.2021, Fr: <\/strong>Nora Gomringer, Gottesanbieterin<br><strong><em>Martina Hefter,  In die W\u00e4lder gehen, Holz klauen f\u00fcr ein Bett<\/em><\/strong><\/p>\n\n\n\n<p>02.10.2021, Sa: <strong><em>Anja Kampmann, Der Hund ist immer hungrig<br>Marion Poschmann, Nimbus<br>Michael Kr\u00fcger, Im Wald, im Holzhaus<\/em><\/strong><\/p>\n\n\n\n<p><strong><em>03.10.2021, So: Matine\u00e9; PoesieDeb\u00fctPreis 2021<br>Preisverleihung: Eva Maria Leuenberger, dekarnation<\/em><\/strong><\/p>\n\n\n\n<p><strong>26.10.2021, Di: Klaus Theweleit, Warum Cort\u00e9s wirklich siegte<\/strong><br><em>Veranstaltung mit Publikum<\/em><br>Autorenlesung und Gespr\u00e4ch in der Reihe \u00bbNeue deutsche Literatur\u00ab<\/p>\n\n\n\n<p><strong>27.10.2021, Mi: Anne Weber und Durs Gr\u00fcnbein<\/strong><br><em>Veranstaltung mit Publikum<\/em><br>Autorenlesung und Gespr\u00e4ch in der Reihe \u00bbNeue deutsche Literatur\u00ab<\/p>\n\n\n\n<p><strong>28.10.2021, Do: Jean Philippe Toussaint, Die Gef\u00fchle<\/strong><br><em>Veranstaltung mit Publikum<\/em><br>Autorenlesung in der Reihe \u00bbLiteratur der Nachbarn\u00ab<\/p>\n\n\n\n<p><strong>02.11.2021, Di: Richard Powers, Erstaunen<\/strong><br><em>Veranstaltung mit Publikum und Stream<\/em><br>Autorenlesung und Gespr\u00e4ch in der Reihe \u00bbLiteratur der Nachbarn\u00ab<\/p>\n\n\n\n<p><em>zu Gast im Heine Haus<\/em><br><strong>05.11.2021, Fr: SPACE POETRY 2021 <\/strong><br><strong><em>mit Birgit Kreipe und Joanna Vortmann<\/em><\/strong><br><em>Livestream ohne Publikum<\/em><\/p>\n\n\n\n<p><strong>13.11.2021, Sa: Hans-Peter Fischer, Franz hei\u00dft die Kanaille, oderder schwarze Prinz von Steglitz, Kafka in Berlin<\/strong><br><em>Veranstaltung mit Publikum<\/em><br>Lesung und Vernissage<\/p>\n\n\n\n<p><strong>16.11.2021, Di: Dorothe Zwirner. Thea Sternheim, Chronistin der Moderne<\/strong><br><em>Veranstaltung mit Publikum<\/em><br>Autorenlesung &amp; Gespr\u00e4ch<\/p>\n\n\n\n<p><strong>19.11.2021, Fr: Wilma Geldof, Reden ist Verrat<\/strong><br>Veranstaltung mit Publikum<br><em>Verleihung des Gustav-Heinemann-Friedenspreises f\u00fcr Kinder- und Jugendb\u00fccher 2021<\/em><\/p>\n\n\n\n<p><strong><em>zu Gast im Heine Haus<\/em><\/strong><br><strong>22.11.2021, Mo: Milda Dr\u00fcke, Rot<\/strong><br>Veranstaltung mit Publikum (ausgefallen)<\/p>\n\n\n\n<p><strong>24.11.2021, Mi: Gesine Grotrian, Plastik, M\u00fcll &amp; Ich<\/strong><br><em>Veranstaltung mit Publikum (ausgefallen\/verschoben)<\/em><br>Buchvorstellung und Gespr\u00e4ch in der Reihe \u00bbLiteraturhaus Heine f\u00fcr Gro\u00dfe &amp; Kleine\u00ab<\/p>\n\n\n\n<p><strong>30.11.2021, Di: Monika Helfer, Vati<\/strong><br><em>Veranstaltung mit Publikum (ausgefallen\/verschoben)<\/em><br>In der Reihe \u00bbNeue deutsche Literatur\u00ab<\/p>\n\n\n\n<p><strong>01.12.2021, Mi: Michael K\u00f6hlmeier, Matou<\/strong><br><em>Veranstaltung mit Publikum (ausgefallen\/verschoben)<\/em><br>In der Reihe \u00bbNeue deutsche Literatur\u00ab<\/p>\n\n\n\n<p><em>zu Gast im Heine Haus<\/em><br><strong>03.12.2021, Fr: Susanne Ristow, Kulturvirologie<\/strong><br><em>Veranstaltung mit Publikum (ausgefallen\/verschoben)<\/em><br><em>Pr\u00e4sentation und Gespr\u00e4ch\u00a5<br><\/em><\/p>\n\n\n\n<p><strong>07.12.2021, Di: Stephan Kaluza. Das Rheinprojekt.<\/strong><br><em>Veranstaltung mit Publikum (ausgefallen\/verschoben)<\/em><br>Autorenlesung &amp; Gespr\u00e4ch<\/p>\n\n\n\n<p><strong>17.12.2021, Fr: Denis Scheck, Christina Schenk, Der undogmatische Hund<\/strong><br><em>Veranstaltung mit Publikum (ausgefallen\/verschoben)<\/em><br>In der Reihe \u00bbNeue deutsche Literatur\u00ab<\/p>\n","protected":false},"excerpt":{"rendered":"<p>Unsere Veranstaltungen Jan \u2013 April 2021 17.02.2021, Mi: 15 Jahre Heine Haus4-teilige Poster EditionFilm mit Programm Ausschnitten: Highlights der Er\u00f6ffnung 24.02.2021, Mi: Henrik Schrat \u2013 Grimms M\u00e4rchenHenrik Schrat im Gespr\u00e4ch mit Rudolf M\u00fcller au\u00dfer Haus \/ Livestream ohne PublikumIn Kooperation mit der Literaturhandlung M\u00fcller &amp; B\u00f6hm l\u00e4dt die Galerie Ute Parduhn zur Veranstaltungsreihe \u00bbKunst und Literatur\u00ab ein. 24.03.2021, Mi: Nanne Meyer \u2013 Die AuswanderndenNanne Meyer im Gespr\u00e4ch mit Rudolf M\u00fcllerau\u00dfer Haus\/ Livestream ohne PublikumIn Kooperation mit der Literaturhandlung M\u00fcller &amp; B\u00f6hm l\u00e4dt die Galerie Ute Parduhn zur Veranstaltungsreihe \u00bbKunst und Literatur\u00ab ein. 20.04.2021, Di: Stephan Kaluza, Fragmente eines \u00c4ngstlichenLivestream ohne Publikum, Nachholtermin vom 08.12.2020Gespr\u00e4ch mit Denis Scheck in der Reihe Kunst trifft Literatur. 21.04.2021, Mi: Via Lewandowsky \/Durs Gr\u00fcnbein, IntercomVia&#8230;<\/p>\n","protected":false},"author":1,"featured_media":0,"parent":0,"menu_order":0,"comment_status":"closed","ping_status":"closed","template":"","meta":{"_mc_calendar":[]},"_links":{"self":[{"href":"https:\/\/www.heinehaus.de\/index.php\/wp-json\/wp\/v2\/pages\/6513"}],"collection":[{"href":"https:\/\/www.heinehaus.de\/index.php\/wp-json\/wp\/v2\/pages"}],"about":[{"href":"https:\/\/www.heinehaus.de\/index.php\/wp-json\/wp\/v2\/types\/page"}],"author":[{"embeddable":true,"href":"https:\/\/www.heinehaus.de\/index.php\/wp-json\/wp\/v2\/users\/1"}],"replies":[{"embeddable":true,"href":"https:\/\/www.heinehaus.de\/index.php\/wp-json\/wp\/v2\/comments?post=6513"}],"version-history":[{"count":1,"href":"https:\/\/www.heinehaus.de\/index.php\/wp-json\/wp\/v2\/pages\/6513\/revisions"}],"predecessor-version":[{"id":6514,"href":"https:\/\/www.heinehaus.de\/index.php\/wp-json\/wp\/v2\/pages\/6513\/revisions\/6514"}],"wp:attachment":[{"href":"https:\/\/www.heinehaus.de\/index.php\/wp-json\/wp\/v2\/media?parent=6513"}],"curies":[{"name":"wp","href":"https:\/\/api.w.org\/{rel}","templated":true}]}}