{"id":6758,"date":"2022-08-26T12:29:54","date_gmt":"2022-08-26T10:29:54","guid":{"rendered":"https:\/\/www.heinehaus.de\/?page_id=6758"},"modified":"2022-08-27T11:20:48","modified_gmt":"2022-08-27T09:20:48","slug":"poesiefest-2022","status":"publish","type":"page","link":"https:\/\/www.heinehaus.de\/index.php\/poesiefest-2022\/","title":{"rendered":"PoesieFest 2022"},"content":{"rendered":"\n<hr class=\"wp-block-separator\"\/>\n\n\n\n<p><strong><a rel=\"noreferrer noopener\" href=\"https:\/\/www.heinehaus.de\/wp-content\/uploads\/2022\/08\/2022_PROGRAMM_POSIE.pdf\" target=\"_blank\">Laden Sie das vollst\u00e4ndige Programm hier herunter\u00bb\u00bb<\/a><\/strong><\/p>\n\n\n\n<hr class=\"wp-block-separator\"\/>\n\n\n\n<p><strong>Fr. 02.09.2022, 19 Uhr Er\u00f6ffnungsabend<\/strong><br><strong><em>Tomas Venclova. Variation \u00fcber das Thema Erwachen. (Hanser Verlag)<\/em><\/strong><br>Autorenlesung &amp; Gespr\u00e4ch<em><br>Moderation: Tobias Lehmkuhl (Journalist, Literaturkritiker und Autor)<\/em><\/p>\n\n\n\n<hr class=\"wp-block-separator\"\/>\n\n\n\n<p><strong>Sa. 03.\u200909.\u20092022, 16 \u2013 18 Uhr<\/strong><br><strong><em>Farhad Showghi. Anlegestellen f\u00fcr Helligkeiten. (kookbooks)<\/em><\/strong><br>Autorenlesung &amp; Gespr\u00e4ch<em><br>Moderation: Christoph Buchwald (Verleger<\/em>)<\/p>\n\n\n\n<p><strong><em>Kinga T\u00f3th. Maislieder. (Edition Thanh\u00e4user)<\/em><\/strong><br>Autorenlesung &amp; Gespr\u00e4ch<br><em>Moderation: Rudolf M\u00fcller (Heine Haus)<\/em><\/p>\n\n\n\n<p><\/p>\n\n\n\n<p><strong><em>Birgit Kreipe. aire. (kookbooks)<\/em><\/strong><br>Autorenlesung &amp; Gespr\u00e4ch<em><br>Moderation: Christoph Buchwald (Verleger)<\/em><\/p>\n\n\n\n<p><\/p>\n\n\n\n<hr class=\"wp-block-separator\"\/>\n\n\n\n<p><strong><strong>04.09.2022, So., Poesie \u2013 ein Fest im Heine Haus 2011 \u2013 2022, Impressionen. Premiere auf Youtube, Freischaltung des Streams um 12 Uhr.<\/strong>Teilnahme kostenlos, Link auf Anfrage.<\/strong><\/p>\n\n\n\n<p><\/p>\n\n\n\n<hr class=\"wp-block-separator\"\/>\n\n\n\n<p><strong>Mo. 05.09.2022, 19:30 Uhr<br>Durs Gr\u00fcnbein. \u00c4quidistanz.<\/strong> <strong>(Suhrkamp)<\/strong><br>Autorenlesung &amp; Gespr\u00e4ch<br><em>Moderation: Andreas Platthaus (FAZ)<\/em><\/p>\n\n\n\n<hr class=\"wp-block-separator\"\/>\n\n\n\n<p>Das Motto \u00bbLicht\u00ab des PoesieFest 2022 stammt von Monika Rinck:<strong><br>\u2013 was f\u00fcr ein licht das uns verl\u00e4ngerte<\/strong><\/p>\n\n\n\n<hr class=\"wp-block-separator\"\/>\n\n\n\n<p><strong><strong>Tomas Venclova<\/strong> <\/strong>ist einer der gro\u00dfen Dichter unserer Zeit. In seiner Heimat Litauen erlebte er den langen Winter des Totalitarismus, wegen seiner kritischen Haltung kam er in Bedr\u00e4ngnis. Es folgten Exil, Reisen und Heimkehr \u2013 die Lebensthemen seiner Lyrik \u2013, doch als dieser unfreiwillige Weltb\u00fcrger schlie\u00dflich zur\u00fcckkehrte, war das Land ein anderes. Was unver\u00e4ndert blieb, ist die rettende Kraft der Sprache: \u00bbwenn das Schicksal blind ist\u00ab, hei\u00dft es in einem seiner sch\u00f6nsten Gedichte, \u00bbfindet sich im Klang Klarsicht\u00ab. Stets beruft sich Venclova auf die Tradition der &nbsp;europ\u00e4ischen Literatur \u2013 von der griechischen Klassik bis zur Moderne. Lakonie, kristallklare Eleganz und feiner sp\u00f6ttischer Witz zeichnen seine Poesie aus, jene \u00bbunwirkliche Wirklichkeit\u00ab, die sich unaufl\u00f6slich mit der Erfahrung der Welt verwebt. <em>Venclova ist Litauens Stimme in der Weltliteratur. <\/em>(Deutschlandradio Kultur)<br><br><strong><strong>Farhad Showghi<\/strong>, <\/strong>geboren 1961 in Prag, verbrachte Kindheit und Jugend in der BRD und in Iran. Nach seinem Studium der Humanmedizin in Erlangen lebt und arbeitet er seit 1989 als Arzt, Autor und \u00dcbersetzer in Hamburg. <em>Mit seiner traumnahen Wahrnehmungskunst ist der in Hamburg lebende Dichterarzt Farhad Showghi eine Ausnahmegestalt der Gegenwartslyrik. In seinem neuen Gedichtband \u201eAnlegestellen f\u00fcr Helligkeiten\u201c stellt er das Sehen und das H\u00f6ren selbst auf den Pr\u00fcfstand.<\/em> (Deutschlandfunk)<br><br><strong><strong>Kinga T\u00f3th<\/strong>,<\/strong> geboren 1983 in der westtransdanubischen Stadt S\u00e1rv\u00e1r, Ungarn, Studium der Sprachwissenschaften. Sie ist Autorin, unterrichtet deutsche Sprache und Literatur und arbeitet als Journalistin. Kinga T\u00f3th schreibt in den Sprachen Ungarisch, Deutsch und Englisch, vor allem Lyrik aber auch Kurzgeschichten und Theaterst\u00fccke und arbeitet sparten\u00fcbergreifend. So performt sie ihre lyrischen Texte h\u00e4ufig mit Soundunterst\u00fctzung und hat einige ihrer Gedichtb\u00e4nde selbst illustriert.<br><br><strong><strong>Birgit Kreipe<\/strong><\/strong>, geboren 1964 in Hildesheim, studierte Psychologie und Germanistik und arbeitet als Psychotherapeutin, Autorin und \u00dcbersetzerin von Lyrik in Berlin. Ihre Gedichte verbinden individuelle mit historischen und phantastischen Zeit- und Erlebnisschichten und arbeiten dabei unter anderem mit Bez\u00fcgen zu Psychoanalyse, Erinnerungs- und Traumforschung und Werken bildender Kunst. Ihr j\u00fcngster Gedichtband, <em>aire<\/em>, erschien 2021 bei kookbooks.<\/p>\n\n\n\n<p>Durch Geschichte und Gegenwart verfolgt Durs Gr\u00fcnbein in diesem neuen, seinem zw\u00f6lften Gedichtband seinen Kurs des Poetisch-historischen Gedichts. Als Spurensicherung, Ortsbestimmung versteht der Dichter seine Streifz\u00fcge durch Zeiten und R\u00e4ume, in denen er nicht nur Deutschland, sondern auch dem Gegenpol vieler Deutscher, Italien, und in beiden L\u00e4ndern sich selbst begegnet. <strong>Durs Gr\u00fcnbein <\/strong>wurde am 9. Oktober 1962 in Dresden geboren. Er ist einer der bedeutendsten und auch international wirkm\u00e4chtigsten deutschen Dichter und Essayisten. F\u00fcr sein Werk erhielt er eine Vielzahl von Preisen, er lebt in Berlin und Rom.<\/p>\n\n\n\n<p><br><\/p>\n\n\n\n<hr class=\"wp-block-separator\"\/>\n\n\n\n<p><strong>Veranstalter:<\/strong> Verein zur F\u00f6rderung des Heinrich Heine Geburtshauses e.V., M\u00fcller &amp; B\u00f6hm Literaturhandlung. Das PoesieFest 2022 wird gef\u00f6rdert von: Kulturamt der Landeshauptstadt D\u00fcsseldorf und der Kunststiftung NRW.<\/p>\n\n\n\n<p><strong>VVK:<\/strong> M\u00fcller &amp; B\u00f6hm Literaturhandlung im Heine Haus<\/p>\n\n\n\n<p><strong><em>Eintritt: Festivalkarte: 15,\u2013 (alle Tage), Einzelticket: 10,\u2013\/8,\u2013 (erm.)<\/em><\/strong><br><\/p>\n\n\n\n<p><\/p>\n\n\n\n<hr class=\"wp-block-separator\"\/>\n\n\n\n<p><em>Programm: Dr. Selinde B\u00f6hm<br>Beirat: Christoph Buchwald, Verleger, Coss\u00e9e Verlag Amsterdam, seit 1979 Hrsg. Jahrbuch der Lyrik. Tobias Lehmkuhl, Journalist (2017 ausgezeichnet mit dem Berliner Preis fu\u0308r Literaturkritik) Herausgeber und Schriftsteller. Rudolf Mu\u0308ller, Buchh\u00e4ndler (Inhaber der Mu\u0308ller&amp;B\u00f6hm Literaturhandlung, u.a. Mitglied Akademie Deutscher Buchpreis, Juror Du\u0308sseldorfer Literaturpreis)<br><\/em><\/p>\n\n\n\n<hr class=\"wp-block-separator\"\/>\n\n\n\n<p><em>Gef\u00f6rdert durch die Landeshauptstadt Du\u0308sseldorf, das Kulturamt der Landeshauptstadt Du\u0308sseldorf und die Kunststiftung NRW<\/em><\/p>\n","protected":false},"excerpt":{"rendered":"<p>Laden Sie das vollst\u00e4ndige Programm hier herunter\u00bb\u00bb Fr. 02.09.2022, 19 Uhr Er\u00f6ffnungsabendTomas Venclova. Variation \u00fcber das Thema Erwachen. (Hanser Verlag)Autorenlesung &amp; Gespr\u00e4chModeration: Tobias Lehmkuhl (Journalist, Literaturkritiker und Autor) Sa. 03.\u200909.\u20092022, 16 \u2013 18 UhrFarhad Showghi. Anlegestellen f\u00fcr Helligkeiten. (kookbooks)Autorenlesung &amp; Gespr\u00e4chModeration: Christoph Buchwald (Verleger) Kinga T\u00f3th. Maislieder. (Edition Thanh\u00e4user)Autorenlesung &amp; Gespr\u00e4chModeration: Rudolf M\u00fcller (Heine Haus) Birgit Kreipe. aire. (kookbooks)Autorenlesung &amp; Gespr\u00e4chModeration: Christoph Buchwald (Verleger) 04.09.2022, So., Poesie \u2013 ein Fest im Heine Haus 2011 \u2013 2022, Impressionen. Premiere auf Youtube, Freischaltung des Streams um 12 Uhr.Teilnahme kostenlos, Link auf Anfrage. Mo. 05.09.2022, 19:30 UhrDurs Gr\u00fcnbein. \u00c4quidistanz. (Suhrkamp)Autorenlesung &amp; Gespr\u00e4chModeration: Andreas Platthaus (FAZ) Das Motto \u00bbLicht\u00ab des PoesieFest 2022 stammt von Monika Rinck:\u2013 was f\u00fcr ein licht das uns verl\u00e4ngerte Tomas&#8230;<\/p>\n","protected":false},"author":1,"featured_media":0,"parent":0,"menu_order":0,"comment_status":"closed","ping_status":"closed","template":"","meta":{"_mc_calendar":[]},"_links":{"self":[{"href":"https:\/\/www.heinehaus.de\/index.php\/wp-json\/wp\/v2\/pages\/6758"}],"collection":[{"href":"https:\/\/www.heinehaus.de\/index.php\/wp-json\/wp\/v2\/pages"}],"about":[{"href":"https:\/\/www.heinehaus.de\/index.php\/wp-json\/wp\/v2\/types\/page"}],"author":[{"embeddable":true,"href":"https:\/\/www.heinehaus.de\/index.php\/wp-json\/wp\/v2\/users\/1"}],"replies":[{"embeddable":true,"href":"https:\/\/www.heinehaus.de\/index.php\/wp-json\/wp\/v2\/comments?post=6758"}],"version-history":[{"count":7,"href":"https:\/\/www.heinehaus.de\/index.php\/wp-json\/wp\/v2\/pages\/6758\/revisions"}],"predecessor-version":[{"id":6777,"href":"https:\/\/www.heinehaus.de\/index.php\/wp-json\/wp\/v2\/pages\/6758\/revisions\/6777"}],"wp:attachment":[{"href":"https:\/\/www.heinehaus.de\/index.php\/wp-json\/wp\/v2\/media?parent=6758"}],"curies":[{"name":"wp","href":"https:\/\/api.w.org\/{rel}","templated":true}]}}

<hr class="wp-block-separator"/>



<p><strong><a rel="noreferrer noopener" href="https://www.heinehaus.de/wp-content/uploads/2022/08/2022_PROGRAMM_POSIE.pdf" target="_blank">Laden Sie das vollständige Programm hier herunter»»</a></strong></p>



<hr class="wp-block-separator"/>



<p><strong>Fr. 02.09.2022, 19 Uhr Eröffnungsabend</strong><br><strong><em>Tomas Venclova. Variation über das Thema Erwachen. (Hanser Verlag)</em></strong><br>Autorenlesung &amp; Gespräch<em><br>Moderation: Tobias Lehmkuhl (Journalist, Literaturkritiker und Autor)</em></p>



<hr class="wp-block-separator"/>



<p><strong>Sa. 03. 09. 2022, 16 – 18 Uhr</strong><br><strong><em>Farhad Showghi. Anlegestellen für Helligkeiten. (kookbooks)</em></strong><br>Autorenlesung &amp; Gespräch<em><br>Moderation: Christoph Buchwald (Verleger</em>)</p>



<p><strong><em>Kinga Tóth. Maislieder. (Edition Thanhäuser)</em></strong><br>Autorenlesung &amp; Gespräch<br><em>Moderation: Rudolf Müller (Heine Haus)</em></p>



<p></p>



<p><strong><em>Birgit Kreipe. aire. (kookbooks)</em></strong><br>Autorenlesung &amp; Gespräch<em><br>Moderation: Christoph Buchwald (Verleger)</em></p>



<p></p>



<hr class="wp-block-separator"/>



<p><strong><strong>04.09.2022, So., Poesie – ein Fest im Heine Haus 2011 – 2022, Impressionen. Premiere auf Youtube, Freischaltung des Streams um 12 Uhr.</strong>Teilnahme kostenlos, Link auf Anfrage.</strong></p>



<p></p>



<hr class="wp-block-separator"/>



<p><strong>Mo. 05.09.2022, 19:30 Uhr<br>Durs Grünbein. Äquidistanz.</strong> <strong>(Suhrkamp)</strong><br>Autorenlesung &amp; Gespräch<br><em>Moderation: Andreas Platthaus (FAZ)</em></p>



<hr class="wp-block-separator"/>



<p>Das Motto »Licht« des PoesieFest 2022 stammt von Monika Rinck:<strong><br>– was für ein licht das uns verlängerte</strong></p>



<hr class="wp-block-separator"/>



<p><strong><strong>Tomas Venclova</strong> </strong>ist einer der großen Dichter unserer Zeit. In seiner Heimat Litauen erlebte er den langen Winter des Totalitarismus, wegen seiner kritischen Haltung kam er in Bedrängnis. Es folgten Exil, Reisen und Heimkehr – die Lebensthemen seiner Lyrik –, doch als dieser unfreiwillige Weltbürger schließlich zurückkehrte, war das Land ein anderes. Was unverändert blieb, ist die rettende Kraft der Sprache: »wenn das Schicksal blind ist«, heißt es in einem seiner schönsten Gedichte, »findet sich im Klang Klarsicht«. Stets beruft sich Venclova auf die Tradition der &nbsp;europäischen Literatur – von der griechischen Klassik bis zur Moderne. Lakonie, kristallklare Eleganz und feiner spöttischer Witz zeichnen seine Poesie aus, jene »unwirkliche Wirklichkeit«, die sich unauflöslich mit der Erfahrung der Welt verwebt. <em>Venclova ist Litauens Stimme in der Weltliteratur. </em>(Deutschlandradio Kultur)<br><br><strong><strong>Farhad Showghi</strong>, </strong>geboren 1961 in Prag, verbrachte Kindheit und Jugend in der BRD und in Iran. Nach seinem Studium der Humanmedizin in Erlangen lebt und arbeitet er seit 1989 als Arzt, Autor und Übersetzer in Hamburg. <em>Mit seiner traumnahen Wahrnehmungskunst ist der in Hamburg lebende Dichterarzt Farhad Showghi eine Ausnahmegestalt der Gegenwartslyrik. In seinem neuen Gedichtband „Anlegestellen für Helligkeiten“ stellt er das Sehen und das Hören selbst auf den Prüfstand.</em> (Deutschlandfunk)<br><br><strong><strong>Kinga Tóth</strong>,</strong> geboren 1983 in der westtransdanubischen Stadt Sárvár, Ungarn, Studium der Sprachwissenschaften. Sie ist Autorin, unterrichtet deutsche Sprache und Literatur und arbeitet als Journalistin. Kinga Tóth schreibt in den Sprachen Ungarisch, Deutsch und Englisch, vor allem Lyrik aber auch Kurzgeschichten und Theaterstücke und arbeitet spartenübergreifend. So performt sie ihre lyrischen Texte häufig mit Soundunterstützung und hat einige ihrer Gedichtbände selbst illustriert.<br><br><strong><strong>Birgit Kreipe</strong></strong>, geboren 1964 in Hildesheim, studierte Psychologie und Germanistik und arbeitet als Psychotherapeutin, Autorin und Übersetzerin von Lyrik in Berlin. Ihre Gedichte verbinden individuelle mit historischen und phantastischen Zeit- und Erlebnisschichten und arbeiten dabei unter anderem mit Bezügen zu Psychoanalyse, Erinnerungs- und Traumforschung und Werken bildender Kunst. Ihr jüngster Gedichtband, <em>aire</em>, erschien 2021 bei kookbooks.</p>



<p>Durch Geschichte und Gegenwart verfolgt Durs Grünbein in diesem neuen, seinem zwölften Gedichtband seinen Kurs des Poetisch-historischen Gedichts. Als Spurensicherung, Ortsbestimmung versteht der Dichter seine Streifzüge durch Zeiten und Räume, in denen er nicht nur Deutschland, sondern auch dem Gegenpol vieler Deutscher, Italien, und in beiden Ländern sich selbst begegnet. <strong>Durs Grünbein </strong>wurde am 9. Oktober 1962 in Dresden geboren. Er ist einer der bedeutendsten und auch international wirkmächtigsten deutschen Dichter und Essayisten. Für sein Werk erhielt er eine Vielzahl von Preisen, er lebt in Berlin und Rom.</p>



<p><br></p>



<hr class="wp-block-separator"/>



<p><strong>Veranstalter:</strong> Verein zur Förderung des Heinrich Heine Geburtshauses e.V., Müller &amp; Böhm Literaturhandlung. Das PoesieFest 2022 wird gefördert von: Kulturamt der Landeshauptstadt Düsseldorf und der Kunststiftung NRW.</p>



<p><strong>VVK:</strong> Müller &amp; Böhm Literaturhandlung im Heine Haus</p>



<p><strong><em>Eintritt: Festivalkarte: 15,– (alle Tage), Einzelticket: 10,–/8,– (erm.)</em></strong><br></p>



<p></p>



<hr class="wp-block-separator"/>



<p><em>Programm: Dr. Selinde Böhm<br>Beirat: Christoph Buchwald, Verleger, Cossée Verlag Amsterdam, seit 1979 Hrsg. Jahrbuch der Lyrik. Tobias Lehmkuhl, Journalist (2017 ausgezeichnet mit dem Berliner Preis für Literaturkritik) Herausgeber und Schriftsteller. Rudolf Müller, Buchhändler (Inhaber der Müller&amp;Böhm Literaturhandlung, u.a. Mitglied Akademie Deutscher Buchpreis, Juror Düsseldorfer Literaturpreis)<br></em></p>



<hr class="wp-block-separator"/>



<p><em>Gefördert durch die Landeshauptstadt Düsseldorf, das Kulturamt der Landeshauptstadt Düsseldorf und die Kunststiftung NRW</em></p>

<p>Laden Sie das vollständige Programm hier herunter»» Fr. 02.09.2022, 19 Uhr EröffnungsabendTomas Venclova. Variation über das Thema Erwachen. (Hanser Verlag)Autorenlesung &amp; GesprächModeration: Tobias Lehmkuhl (Journalist, Literaturkritiker und Autor) Sa. 03. 09. 2022, 16 – 18 UhrFarhad Showghi. Anlegestellen für Helligkeiten. (kookbooks)Autorenlesung &amp; GesprächModeration: Christoph Buchwald (Verleger) Kinga Tóth. Maislieder. (Edition Thanhäuser)Autorenlesung &amp; GesprächModeration: Rudolf Müller (Heine Haus) Birgit Kreipe. aire. (kookbooks)Autorenlesung &amp; GesprächModeration: Christoph Buchwald (Verleger) 04.09.2022, So., Poesie – ein Fest im Heine Haus 2011 – 2022, Impressionen. Premiere auf Youtube, Freischaltung des Streams um 12 Uhr.Teilnahme kostenlos, Link auf Anfrage. Mo. 05.09.2022, 19:30 UhrDurs Grünbein. Äquidistanz. (Suhrkamp)Autorenlesung &amp; GesprächModeration: Andreas Platthaus (FAZ) Das Motto »Licht« des PoesieFest 2022 stammt von Monika Rinck:– was für ein licht das uns verlängerte Tomas&#8230;</p>
