{"id":7001,"date":"2023-03-21T16:02:23","date_gmt":"2023-03-21T15:02:23","guid":{"rendered":"https:\/\/www.heinehaus.de\/?page_id=7001"},"modified":"2024-07-16T14:38:47","modified_gmt":"2024-07-16T12:38:47","slug":"archiv-2022","status":"publish","type":"page","link":"https:\/\/www.heinehaus.de\/index.php\/archiv-2022\/","title":{"rendered":"Archiv 2022"},"content":{"rendered":"\n<h2><strong><br>M\u00e4rz bis Mai 2022<\/strong><br><\/h2>\n\n\n\n<p><strong>04.03.2022, Fr.<br>Helge Drafz <\/strong><br><strong>Rhein. Der Fluss in der Fotografie<\/strong><br>Buchvorstellung und Gespr\u00e4ch<br><br><strong>07.03.2022, Mo.<br>Ingo Schulze<\/strong><br><strong>Der Amerikaner, der den Kolumbus zuerst entdeckte<\/strong><br>Autorenlesung in der Reihe<em> Neue deutsche Literatu<\/em><\/p>\n\n\n\n<p><br><strong>18.03.2022, Fr.<br>Doris D\u00f6rrie<\/strong><br><strong>Die Heldin reist<\/strong><br>Veranstaltung mit Publikum und Livestream<br>Autorenlesung in der Reihe <em>Neue deutsche Literatur<\/em><\/p>\n\n\n\n<p><br><strong>22.03.2022, Di.<br>Monika Helfer\/ Michael K\u00f6hlmeier<\/strong><br><strong>L\u00f6wenherz\/ Matou<\/strong><br>Ausgefallen\/verschoben<br>Gespr\u00e4ch- und Autorenlesung in der Reihe <em>Neue Deutsche Literatur<\/em><\/p>\n\n\n\n<p><br><strong>25.03.2022, Fr.<br> Michael Lentz<\/strong><br><strong>Innehaben, Schattenfroh und die Bilder<\/strong><br>Buchvorstellung und Gespr\u00e4ch in der Reihe <em>Neue deutsche Literatur<\/em><\/p>\n\n\n\n<p><br><strong>29.03.2022, Di.<br>Katharina Hacker<\/strong><br><strong>Die G\u00e4ste<\/strong><br>Autorenlesung in der Reihe<em> Neue deutsche Literatur<\/em><\/p>\n\n\n\n<p><br><strong>30.03.2022, Mi.<br>Katharina Hacker<\/strong><br><strong>Alles, was passieren wird<\/strong><br>Geschlossene Veranstaltung fu\u0308r Schulklassen<br>Autorenlesung in der Reihe<em> Literaturhaus Heine fu\u0308r Gro\u00dfe &amp; Kleine<\/em><\/p>\n\n\n\n<p><strong>02.04.2022, Sa.<br>Chloe Delaume<\/strong><br><strong>Das synthetische Herz<\/strong><br>Au\u00dfer Haus\/ In Kooperation mit dem Institut fran\u00e7ais Du\u0308sseldorf<br>Autorenlesung in der Reihe<em> Literatur der Nachbarn<\/em><\/p>\n\n\n\n<p><br><strong>06.04.2022, Mi. <br>Tatjana von der Beek<\/strong><br><strong>Die Welt vor den Fenstern<\/strong><br>zu Gast im Heine Haus<br>Autorenlesung und Gespr\u00e4ch in der Reihe <em>Literarische Debu\u0308ts im Gespr\u00e4ch<\/em><br><\/p>\n\n\n\n<p><strong>26.04.2022, Di. <br>Stephan Kaluza<\/strong><br><strong>Das Rheinprojekt<\/strong><br>Autorenlesung &amp; Gespr\u00e4ch<br><\/p>\n\n\n\n<p><strong>28.04.2022, Do. <br>Literarisch-kulinarischer Streifzug durch Spanien<\/strong><br><strong>Un viaje espa\u0148ol Spanien, Ehrengast der Frankfurter Buchmesse 2022<\/strong><br> Zu Gast im Heine Haus: Oficina Espa\u00f1ola de Turismo \u2013 Turespa\u00f1a Spanisches Fremdenverkehrsamt, Frankfurt\/Main<br>in der Reihe <em>Heine Haus literarisch \u2013 kulinarisch<\/em><\/p>\n\n\n\n<p><br><strong>02.05.2022, Mo. <br>Peter Stamm<\/strong><br><strong>Das Archiv der Gefu\u0308hle<\/strong><br>Autorenlesung und Gespr\u00e4ch in der Reihe<em> Neue deutsche Literatur<\/em><\/p>\n\n\n\n<p><br><strong>05.05.2022, Do. <br>Internationales Projekt u\u0308ber Antisemitismus und Pr\u00e4vention im Schulunterricht<\/strong><br>Geschlossene Veranstaltung<br>zu Gast im Heine Haus<\/p>\n\n\n\n<p><\/p>\n\n\n\n<p><\/p>\n\n\n\n<h2><strong>Juni bis August 2022<\/strong><\/h2>\n\n\n\n<p><br><strong>01.06.2022, Mi. <br>Rose Lagercrantz<\/strong><br><strong>So glu\u0308cklich wie noch nie<\/strong><br>Geschlossene Veranstaltung fu\u0308r Schulen<br>Autorenlesung in der Reihe <em>Literaturhaus Heine fu\u0308r Gro\u00dfe &amp; Kleine<\/em><\/p>\n\n\n\n<p><strong>15.06.2022, Mi. <br>Fiston Mwanza Mujila<\/strong><br><strong>Tanz der Teufel<\/strong><br>Autorenlesung mit Musik in der Reihe <em>Literatur der Nachbarn<\/em><\/p>\n\n\n\n<p><br><strong>20.06.2022, Mo. <br>Denis Scheck. Christina Schenk<\/strong><br><strong>Der undogmatische Hund<\/strong><br>Buchvorstellung &amp; Autorenlesung in der Reihe <em>Neue deutsche Literatur<\/em><\/p>\n\n\n\n<p><br><strong>01.07.2022, Fr. <br>Okechukwu Nzelu<br>The The Private Joys of Nnenna Maloney\/ Here Again Now<\/strong><br>zu Gast im Heine Haus<br>Kooperationsveranstaltung im Rahmen von<em> Summer School<\/em><br>Literaturu\u0308bersetzen \u201eTranslating Sex, Gender and Queerness\u201c (HHU Du\u0308sseldorf)<br>Englischsprachige Autorenlesung<br><\/p>\n\n\n\n<p><strong>13.07.2022, Mi. <br>Frank Schablewski und der Rimbaud Verlag <br>Ein Paar aus vier Menschenh\u00e4lften<\/strong><br>zu Gast im Heine Haus<br>Autorenlesung &amp; Gespr\u00e4ch <br>im Rahmen des Sonderprogramms <em>Aufgeschlagen! des Landes Nordrhein-<br>Westfalen<\/em><br><\/p>\n\n\n\n<p><strong>20.07.2022, Mi. <br>H.P. Lovecraft, Ulf K.<br>Pickmans Modell<\/strong><br>Buchvorstellung und Ku\u0308nstlergespr\u00e4ch in der Reihe <em>Kunst trifft Literatur<\/em><br><\/p>\n\n\n\n<p><strong>18.08.2022 Do. <br>Petra Postert<br>Das Jahr, als die Bienen kamen<\/strong><br>Veranstaltung fu\u0308r Schulen <br>Autorenlesung mit Konzert (Musikerinnen der Du\u0308sseldorfer Symphoniker) in der Reihe <br><em>Literaturhaus Heine fu\u0308r Gro\u00dfe &amp; Kleine<\/em><br><\/p>\n\n\n\n<p><strong>19.08.2022 Fr. <br>Julio Cortazar. Michi Strausfeld (Hg)<br>Unerwartete Nachrichten<\/strong><br>Buchvorstellung vorab zum Messethema Spanien in der Reihe <em>Literatur der Nachbarn<\/em><\/p>\n\n\n\n<p><\/p>\n\n\n\n<h2><strong>September, Oktober 2022<\/strong><\/h2>\n\n\n\n<p><strong>02.\u2013 05.09.2022 <br>Poesie \u2013 Ein Fest im Heine Haus 2022<\/strong><br>Veranstaltung mit Publikum und Livestream<\/p>\n\n\n\n<ul>\n<li><strong>02.09.2022, Fr: Tomas Venclova<\/strong> Variation u\u0308ber das Thema Erwachen<\/li>\n\n\n\n<li><strong>03.09.2022, Sa: Farhad Showghi<\/strong> Anlegestellen fu\u0308r Helligkeiten<\/li>\n\n\n\n<li><strong>Birgit Kreipe<\/strong> aire<\/li>\n\n\n\n<li><strong>Kinga Toth<\/strong> Maislieder (ausgefallen)<\/li>\n\n\n\n<li><strong>04.09.2022, So: Poesie \u2013 ein Fest im Heine Haus 2011 \u2013 2022<\/strong><\/li>\n\n\n\n<li>Impressionen. Premiere aufYoutube.<\/li>\n\n\n\n<li><strong>05.09.2022, Mo:<\/strong> Durs Gru\u0308nbein \u2013 \u00c4quidistanz<\/li>\n<\/ul>\n\n\n\n<p><strong>12.09.2022, Mo.<br>Ilya Kaminsky<br>Republik der Taubheit<\/strong><br>Autorenlesung in der Reihe <em>Literatur der Nachbarn<\/em><\/p>\n\n\n\n<p><br><strong>14.09.2022, Mi. <br>Jean-Christophe Rufin<br>Der Geh\u00e4ngte von Conakry<\/strong><br>Au\u00dfer Haus<br>Autorenlesung in der Reihe <em>Literatur der Nachbarn<\/em><\/p>\n\n\n\n<p><br><strong>23.09.2022, Fr. <br>Michael Kru\u0308ger<br>Verabredungen mit einem Dichter (<\/strong>Filmpremiere)<br>Wir gehen zusammen ins Kino\/ au\u00dfer Haus<\/p>\n\n\n\n<p><br><strong>28.09.2022, Mi. <br>Navid Kermani<br>Jeder soll von da, wo er ist, einen Schritt n\u00e4her kommen<\/strong><br>Autorenlesung in der Reihe <em>Literaturhaus Heine fu\u0308r Gro\u00dfe &amp; Kleine<\/em><\/p>\n\n\n\n<p><strong>29.09.2022, Do. <br>Karine Tuil<br>Diese eine Entscheidung<\/strong><br>Autorenlesung in der Reihe<em> Literatur der Nachbarn<\/em><\/p>\n\n\n\n<p><br>17.10.2022, Mo. <br>Javier Cercas<br>Terra Alta. Die Erpressung<br>Autorenlesung und Gespr\u00e4ch zum Messethema Spanien <br>in der Reihe <em>Literatur der Nachbarn<\/em><br><\/p>\n\n\n\n<p><strong>27.10.2022, Do. <br>Burak Yilmaz<br>Ehrensache. K\u00e4mpfen gegen den Judenhass.<\/strong><br>Zu Gast im Heine Haus<br>Lesereihe <em>Gegen das Vergessen<\/em> die Antisemitismusbeauftragten des Landes NRW <br>Sabine Leutheusser-Schnarrenberger<br>Autorenlesung und Gespr\u00e4ch<\/p>\n\n\n\n<p><\/p>\n\n\n\n<h2><strong>November, Dezember 2022<\/strong><\/h2>\n\n\n\n<p><strong>04.11.2022, Fr. <br>Viktor Schklowski. <br>Zoo. Briefe nicht u\u0308ber Liebe, oder die dritte Heloise. <br>Sebastian Guggolz (Hg.)<\/strong><br>Buch- und Verlagsvorstellung des Verlegers im Rahmen der Hotlist-Lesetour 2022.<br><\/p>\n\n\n\n<p><strong>22.11.2022, Di. <br>Oswald Egger, Frederike M\u00f6ller und das kleine Rote.<\/strong><br>Zu Gast im Heine Haus<br>Du\u0308sseldorfer ToyPiano Festival \/ Dr. Frederike M\u00f6ller in Kooperation mit dem Heine Haus<br><\/p>\n\n\n\n<p><strong>30.11.2022, Mi. Marica Bodro\u017ei\u0107<br>Die Arbeit der V\u00f6gel<\/strong> (ausgefallen\/ verschoben)<br>Autorenlesung in der Reihe <em>Neue deutsche Literatur<\/em><\/p>\n\n\n\n<p><br><strong>05.12.2022, Mo. <br>Durs Gru\u0308nbein &amp; Jochen H\u00f6risch <br>Poesie und Politik. Ein Gespr\u00e4ch.<\/strong><br>Autorengespr\u00e4ch in der Reihe <em>Preistr\u00e4ger im Heine Haus<\/em><\/p>\n\n\n\n<p><br><strong>08.12.2022, Do. <br>Leon Battista Alberti. Hana Gru\u0308ndler (Hg.)<br> \u00dcber die Seelenruhe<\/strong><br>Buchvorstellung mit Hana Gru\u0308ndler<\/p>\n\n\n\n<p><\/p>\n\n\n\n<p><\/p>\n","protected":false},"excerpt":{"rendered":"<p>M\u00e4rz bis Mai 2022 04.03.2022, Fr.Helge Drafz Rhein. Der Fluss in der FotografieBuchvorstellung und Gespr\u00e4ch 07.03.2022, Mo.Ingo SchulzeDer Amerikaner, der den Kolumbus zuerst entdeckteAutorenlesung in der Reihe Neue deutsche Literatu 18.03.2022, Fr.Doris D\u00f6rrieDie Heldin reistVeranstaltung mit Publikum und LivestreamAutorenlesung in der Reihe Neue deutsche Literatur 22.03.2022, Di.Monika Helfer\/ Michael K\u00f6hlmeierL\u00f6wenherz\/ MatouAusgefallen\/verschobenGespr\u00e4ch- und Autorenlesung in der Reihe Neue Deutsche Literatur 25.03.2022, Fr. Michael LentzInnehaben, Schattenfroh und die BilderBuchvorstellung und Gespr\u00e4ch in der Reihe Neue deutsche Literatur 29.03.2022, Di.Katharina HackerDie G\u00e4steAutorenlesung in der Reihe Neue deutsche Literatur 30.03.2022, Mi.Katharina HackerAlles, was passieren wirdGeschlossene Veranstaltung fu\u0308r SchulklassenAutorenlesung in der Reihe Literaturhaus Heine fu\u0308r Gro\u00dfe &amp; Kleine 02.04.2022, Sa.Chloe DelaumeDas synthetische HerzAu\u00dfer Haus\/ In Kooperation mit dem Institut fran\u00e7ais Du\u0308sseldorfAutorenlesung in der Reihe Literatur&#8230;<\/p>\n","protected":false},"author":1,"featured_media":0,"parent":0,"menu_order":0,"comment_status":"closed","ping_status":"closed","template":"","meta":{"_mc_calendar":[]},"_links":{"self":[{"href":"https:\/\/www.heinehaus.de\/index.php\/wp-json\/wp\/v2\/pages\/7001"}],"collection":[{"href":"https:\/\/www.heinehaus.de\/index.php\/wp-json\/wp\/v2\/pages"}],"about":[{"href":"https:\/\/www.heinehaus.de\/index.php\/wp-json\/wp\/v2\/types\/page"}],"author":[{"embeddable":true,"href":"https:\/\/www.heinehaus.de\/index.php\/wp-json\/wp\/v2\/users\/1"}],"replies":[{"embeddable":true,"href":"https:\/\/www.heinehaus.de\/index.php\/wp-json\/wp\/v2\/comments?post=7001"}],"version-history":[{"count":10,"href":"https:\/\/www.heinehaus.de\/index.php\/wp-json\/wp\/v2\/pages\/7001\/revisions"}],"predecessor-version":[{"id":7518,"href":"https:\/\/www.heinehaus.de\/index.php\/wp-json\/wp\/v2\/pages\/7001\/revisions\/7518"}],"wp:attachment":[{"href":"https:\/\/www.heinehaus.de\/index.php\/wp-json\/wp\/v2\/media?parent=7001"}],"curies":[{"name":"wp","href":"https:\/\/api.w.org\/{rel}","templated":true}]}}